{"id":2329,"date":"2016-01-05T11:46:55","date_gmt":"2016-01-05T10:46:55","guid":{"rendered":"http:\/\/wp.feuerwehr-florian.com\/?page_id=2329"},"modified":"2022-06-23T14:24:45","modified_gmt":"2022-06-23T12:24:45","slug":"die-mannschaft","status":"publish","type":"page","link":"https:\/\/www.feuerwehr-florian.com\/?page_id=2329","title":{"rendered":"Die Mannschaft"},"content":{"rendered":"<p><a href=\"https:\/\/www.feuerwehr-florian.com\/wp-content\/uploads\/2022\/06\/Feuerwehr_Gruppen_02.jpg\" rel=\"attachment wp-att-2435\" data-rel=\"lightbox-gallery-0jZqZzsf\" data-rl_title=\"\" data-rl_caption=\"\" title=\"\"><img loading=\"lazy\" decoding=\"async\" class=\"alignleft wp-image-9912 size-medium\" src=\"https:\/\/www.feuerwehr-florian.com\/wp-content\/uploads\/2022\/06\/Feuerwehr_Gruppen_02-1000x667.jpg\" alt=\"\" width=\"1000\" height=\"667\" srcset=\"https:\/\/www.feuerwehr-florian.com\/wp-content\/uploads\/2022\/06\/Feuerwehr_Gruppen_02-1000x667.jpg 1000w, https:\/\/www.feuerwehr-florian.com\/wp-content\/uploads\/2022\/06\/Feuerwehr_Gruppen_02-2000x1334.jpg 2000w, https:\/\/www.feuerwehr-florian.com\/wp-content\/uploads\/2022\/06\/Feuerwehr_Gruppen_02-1536x1025.jpg 1536w, https:\/\/www.feuerwehr-florian.com\/wp-content\/uploads\/2022\/06\/Feuerwehr_Gruppen_02-300x200.jpg 300w, https:\/\/www.feuerwehr-florian.com\/wp-content\/uploads\/2022\/06\/Feuerwehr_Gruppen_02-450x300.jpg 450w, https:\/\/www.feuerwehr-florian.com\/wp-content\/uploads\/2022\/06\/Feuerwehr_Gruppen_02.jpg 2048w\" sizes=\"auto, (max-width: 1000px) 100vw, 1000px\" \/><\/a><\/p>\n<table border=\"0\" cellspacing=\"2\" cellpadding=\"5\">\n<tbody>\n<tr>\n<td style=\"width: 15%; text-align: left; vertical-align: top; background-color: #cccccc;\"><strong>Erste Reihe sitzend:<\/strong><\/td>\n<td style=\"width: 85%; background-color: #f0f0f0;\">Stefan Leeb, Johanna Ebner, Ben En\u00f6ckl, Niklas Hofmann, Alexsander Jeschke, Johannes Steinhauser. Konstantin Kaufmann, Florian Sulek, Siegfried Grabner, Jakob Koch, Benedikt Bernauer, Theodor Kaltenberger, Maximilian Broser, Simone Schreil Hofer, Jakob Fanta, Paul Steiner, Julia Werner<\/td>\n<\/tr>\n<tr>\n<td style=\"width: 15%; text-align: left; vertical-align: top; background-color: #cccccc;\"><strong>Stehend erste Reihe:<\/strong><\/td>\n<td style=\"width: 85%; background-color: #f0f0f0;\">VBGM Michael Mollner, Alfons Forster, Hannes \u00d6hmer, David K\u00f6nig, Nora Grottenthaler, Theo Kapeller, Santiago Waibel, Adrian Weissensteiner, Tobias H\u00f6ll, Angelina Poik, Alexander Reininger, BGM Bernd Sch\u00fctzeneder, VBGM Wolfgang Spat, Rupert Baumgartner, Leo Windtner, Werner Kerschbaummayr<\/td>\n<\/tr>\n<tr>\n<td style=\"text-align: left; vertical-align: top; background-color: #cccccc;\"><strong>Stehend zweite Reihe:<\/strong><\/td>\n<td style=\"background-color: #f0f0f0;\">Erwin Musel, Bernadette Kerschbaummayr, Dietmar Fuchs, Philipp Pree, Mario Hoffelner, Michael Reich\u00f6r, Simon Stadler, Ronald Winkler, Martin Pree, Martin Baier, Peter Jungwirth, Alois Reich\u00f6r, Dejan Bosanac, Georg Windtner, Ferdinand Schnabl, Adolf Arbeithuber<\/td>\n<\/tr>\n<tr>\n<td style=\"text-align: left; vertical-align: top; background-color: #cccccc;\"><strong>Stehend dritte Reihe:<\/strong><\/td>\n<td style=\"background-color: #f0f0f0;\">Christian Horny, Joachim Meissl, Michael Werner, Clemens Baier, Kurt Jungwirth, Harald Baier, Erwin Calupar, Andreas Standhartinger, Wolfgang Weinm\u00fcller, Karl Pree, Heinz Einwagner, Karl Winkler, Karl Sengstbratl, Andreas Lehner, Paul Primus, Michael Reslhuber<\/td>\n<\/tr>\n<tr>\n<td style=\"text-align: left; vertical-align: top; background-color: #cccccc;\"><strong>Stehend vierte Reihe:<\/strong><\/td>\n<td style=\"background-color: #f0f0f0;\">Martin Linninger, Bernhard Wimmer, Franz Dobesberger, Sascha Miehl, Clemens Reich\u00f6r, Fabian Huber, Simon Windtner, Karl Bayer, Alexander Winkler, Walter Hoffelner, Oskar Hofmayr, Karl Baumberger, J\u00fcrgen Jungwirth, Leopold H\u00f6ller, Niklas Koller, Florian Hochradner, Michael Neubauer<\/td>\n<\/tr>\n<tr>\n<td style=\"text-align: left; vertical-align: top; background-color: #cccccc;\"><strong>Stehend f\u00fcnfte Reihe:<\/strong><\/td>\n<td style=\"background-color: #f0f0f0;\">Stefan Reslhuber, David Enzenhofer, Christian H\u00f6gl, Daniel Koller, Peter K\u00f6hler, Dominik Winkler, Wolfgang Wimmer, Paul Hahn, Jakob Hajdinjak, Christoph Jungmair, Lena H\u00f6ll, Daniel Denk, Florian Reininger, Felix Gutenthaler, Johannes Stadler, Felix Federnberger, Elias Windtner, Fabian Forster, Dominic Klein<\/td>\n<\/tr>\n<\/tbody>\n<\/table>\n\n<!-- Page-list plugin v.5.9 wordpress.org\/plugins\/page-list\/ -->\n<ul class=\"page-list siblings-page-list pagelist\">\n<li class=\"page_item page-item-2095\"><a href=\"https:\/\/www.feuerwehr-florian.com\/?page_id=2095\">Unser Auftrag<\/a><\/li>\n<li class=\"page_item page-item-11382\"><a href=\"https:\/\/www.feuerwehr-florian.com\/?page_id=11382\">Das Kommando<\/a><\/li>\n<li class=\"page_item page-item-2329\"><a href=\"https:\/\/www.feuerwehr-florian.com\/?page_id=2329\">Die Mannschaft<\/a><\/li>\n<li class=\"page_item page-item-4038\"><a href=\"https:\/\/www.feuerwehr-florian.com\/?page_id=4038\">Unser Feuerwehrwappen<\/a><\/li>\n<li class=\"page_item page-item-4043\"><a href=\"https:\/\/www.feuerwehr-florian.com\/?page_id=4043\">Unsere Videos<\/a><\/li>\n\n<\/ul>\n","protected":false},"excerpt":{"rendered":"<p>Erste Reihe sitzend: Stefan Leeb, Johanna Ebner, Ben En\u00f6ckl, Niklas Hofmann, Alexsander Jeschke, Johannes Steinhauser. Konstantin Kaufmann, Florian Sulek, Siegfried Grabner, Jakob Koch, Benedikt Bernauer, Theodor Kaltenberger, Maximilian Broser, Simone Schreil Hofer, Jakob Fanta, Paul Steiner, Julia Werner Stehend erste Reihe: VBGM Michael Mollner, Alfons Forster, Hannes \u00d6hmer, David K\u00f6nig, Nora Grottenthaler, Theo Kapeller, Santiago<\/p>\n<p><a class=\"more-link\" href=\"https:\/\/www.feuerwehr-florian.com\/?page_id=2329\">Weiterlesen<\/a><\/p>\n","protected":false},"author":1,"featured_media":4057,"parent":2328,"menu_order":2,"comment_status":"closed","ping_status":"closed","template":"fullwidth.php","meta":{"footnotes":""},"class_list":["post-2329","page","type-page","status-publish","has-post-thumbnail","hentry"],"jetpack_sharing_enabled":true,"jetpack_likes_enabled":true,"_links":{"self":[{"href":"https:\/\/www.feuerwehr-florian.com\/index.php?rest_route=\/wp\/v2\/pages\/2329","targetHints":{"allow":["GET"]}}],"collection":[{"href":"https:\/\/www.feuerwehr-florian.com\/index.php?rest_route=\/wp\/v2\/pages"}],"about":[{"href":"https:\/\/www.feuerwehr-florian.com\/index.php?rest_route=\/wp\/v2\/types\/page"}],"author":[{"embeddable":true,"href":"https:\/\/www.feuerwehr-florian.com\/index.php?rest_route=\/wp\/v2\/users\/1"}],"replies":[{"embeddable":true,"href":"https:\/\/www.feuerwehr-florian.com\/index.php?rest_route=%2Fwp%2Fv2%2Fcomments&post=2329"}],"version-history":[{"count":9,"href":"https:\/\/www.feuerwehr-florian.com\/index.php?rest_route=\/wp\/v2\/pages\/2329\/revisions"}],"predecessor-version":[{"id":9916,"href":"https:\/\/www.feuerwehr-florian.com\/index.php?rest_route=\/wp\/v2\/pages\/2329\/revisions\/9916"}],"up":[{"embeddable":true,"href":"https:\/\/www.feuerwehr-florian.com\/index.php?rest_route=\/wp\/v2\/pages\/2328"}],"wp:featuredmedia":[{"embeddable":true,"href":"https:\/\/www.feuerwehr-florian.com\/index.php?rest_route=\/wp\/v2\/media\/4057"}],"wp:attachment":[{"href":"https:\/\/www.feuerwehr-florian.com\/index.php?rest_route=%2Fwp%2Fv2%2Fmedia&parent=2329"}],"curies":[{"name":"wp","href":"https:\/\/api.w.org\/{rel}","templated":true}]}}