{"id":2841,"date":"2016-01-05T15:40:33","date_gmt":"2016-01-05T14:40:33","guid":{"rendered":"http:\/\/wp.feuerwehr-florian.com\/?page_id=2841"},"modified":"2018-10-19T11:28:13","modified_gmt":"2018-10-19T09:28:13","slug":"fuer-unternehmer-und-planer","status":"publish","type":"page","link":"https:\/\/www.feuerwehr-florian.com\/?page_id=2841","title":{"rendered":"F\u00fcr Unternehmer und Planer"},"content":{"rendered":"<div>\n<p><a href=\"https:\/\/www.feuerwehr-florian.com\/wp-content\/uploads\/2016\/01\/20151003-0131.jpg\" rel=\"attachment wp-att-3018\" data-rel=\"lightbox-gallery-GWMWRsMP\" data-rl_title=\"\" data-rl_caption=\"\" title=\"\"><img loading=\"lazy\" decoding=\"async\" class=\"alignleft wp-image-3018 size-thumbnail\" src=\"https:\/\/www.feuerwehr-florian.com\/wp-content\/uploads\/2016\/01\/20151003-0131-250x250.jpg\" alt=\"\" width=\"250\" height=\"250\" \/><\/a>Der abwehrende Brandschutz stellt einen integralen Bestandteil des Brandschutzes dar und es bestehen diverse Schnittpunkte zum vorbeugenden Brandschutz, weshalb schon beim vorbeugenden Brandschutz die Weichen f\u00fcr eine funktionierende Brandbek\u00e4mpfung gestellt werden.<\/p>\n<p>Um die f\u00fcr eine Brandbek\u00e4mpfung erforderlichen Voraussetzungen zu schaffen, werden bereits im Bau- und Gewerbeverfahren auf die Belange des abwehrenden Brandschutz R\u00fccksicht genommen, da beim zugrunde liegenden Sicherheitskonzept von einer funktionierenden Brandbek\u00e4mpfung ausgegangen wird, um die rechtlich geforderten Schutzziele erreichen zu k\u00f6nnen. Nur durch einheitliche Standards bei allen Betriebsanlagen kann dies auch im geforderten Ausma\u00df durch die Feuerwehr bewerkstelligt werden, weshalb Sie in dieser Rubrik Festlegungen bzw. Anhaltspunkte finden.<\/p>\n<\/div>\n<p>&nbsp;<\/p>\n<p>&nbsp;<\/p>\n<h2>Inhalts\u00fcbersicht:<\/h2>\n\n<!-- Page-list plugin v.5.9 wordpress.org\/plugins\/page-list\/ -->\n<div class=\"page-list page-list-ext page-list-cols-2\">\n<div class=\"page-list-ext-item\"><div class=\"page-list-ext-image\"><a href=\"https:\/\/www.feuerwehr-florian.com\/?page_id=2840\" title=\"Brandschutzpl\u00e4ne\"><img decoding=\"async\" src=\"https:\/\/www.feuerwehr-florian.com\/wp-content\/uploads\/2016\/01\/20151003-0116-1-250x250.jpg\" width=\"100\" alt=\"Brandschutzpl\u00e4ne\" \/><\/a><\/div> <h3 class=\"page-list-ext-title\"><a href=\"https:\/\/www.feuerwehr-florian.com\/?page_id=2840\" title=\"Brandschutzpl\u00e4ne\">Brandschutzpl\u00e4ne<\/a><\/h3><div class=\"page-list-ext-item-content\"> In diesem Beitrag finden Sie die wichtigsten Informationen \u00fcber Brandschutzpl\u00e4ne in der Gemeinde St. Florian, da es in diesem Zusammenhang immer wieder zu Unklarheiten kommt, welche wir bereits im Vorfeld ausr\u00e4umen m\u00f6chten.\n\nDownloads: \n\nLeitfaden \u2013 A...<\/div><\/div>\n<div class=\"page-list-ext-item\"><div class=\"page-list-ext-image\"><a href=\"https:\/\/www.feuerwehr-florian.com\/?page_id=2842\" title=\"Schulungen &amp; Vortr\u00e4ge zum Brandschutz\"><img decoding=\"async\" src=\"https:\/\/www.feuerwehr-florian.com\/wp-content\/uploads\/2016\/01\/DSC_3576-250x250.jpg\" width=\"100\" alt=\"Schulungen &amp; Vortr\u00e4ge zum Brandschutz\" \/><\/a><\/div> <h3 class=\"page-list-ext-title\"><a href=\"https:\/\/www.feuerwehr-florian.com\/?page_id=2842\" title=\"Schulungen &amp; Vortr\u00e4ge zum Brandschutz\">Schulungen &amp; Vortr\u00e4ge zum Brandschutz<\/a><\/h3><div class=\"page-list-ext-item-content\"> Sollten Sie in Ihrem Betrieb das Bed\u00fcrfnis oder Erfordernis einer Brandschutzschulung haben, so stehen Ihnen Fachleute der Feuerwehr St. Florian f\u00fcr diesen speziellen Aufgabenbereich gerne zur Verf\u00fcgung. Bei den Referenten handelt es sich haupts\u00e4chlich um ...<\/div><\/div>\n\n<\/div>\n<p><span class=\"article_separator\">\u00a0<\/span>\n<!-- Page-list plugin v.5.9 wordpress.org\/plugins\/page-list\/ -->\n<ul class=\"page-list siblings-page-list pagelist\">\n<li class=\"page_item page-item-2854 page_item_has_children\"><a href=\"https:\/\/www.feuerwehr-florian.com\/?page_id=2854\">B\u00fcrgerservice<\/a><\/li>\n<li class=\"page_item page-item-2841 page_item_has_children\"><a href=\"https:\/\/www.feuerwehr-florian.com\/?page_id=2841\">F\u00fcr Unternehmer und Planer<\/a><\/li>\n<li class=\"page_item page-item-356\"><a href=\"https:\/\/www.feuerwehr-florian.com\/?page_id=356\">Weblinks<\/a><\/li>\n\n<\/ul><\/p>\n","protected":false},"excerpt":{"rendered":"<p>Der abwehrende Brandschutz stellt einen integralen Bestandteil des Brandschutzes dar und es bestehen diverse Schnittpunkte zum vorbeugenden Brandschutz, weshalb schon beim vorbeugenden Brandschutz die Weichen f\u00fcr eine funktionierende Brandbek\u00e4mpfung gestellt werden. Um die f\u00fcr eine Brandbek\u00e4mpfung erforderlichen Voraussetzungen zu schaffen, werden bereits im Bau- und Gewerbeverfahren auf die Belange des abwehrenden Brandschutz R\u00fccksicht genommen, da<\/p>\n<p><a class=\"more-link\" href=\"https:\/\/www.feuerwehr-florian.com\/?page_id=2841\">Weiterlesen<\/a><\/p>\n","protected":false},"author":1,"featured_media":0,"parent":1019,"menu_order":2,"comment_status":"closed","ping_status":"closed","template":"fullwidth.php","meta":{"footnotes":""},"class_list":["post-2841","page","type-page","status-publish","hentry"],"jetpack_sharing_enabled":true,"jetpack_likes_enabled":true,"_links":{"self":[{"href":"https:\/\/www.feuerwehr-florian.com\/index.php?rest_route=\/wp\/v2\/pages\/2841","targetHints":{"allow":["GET"]}}],"collection":[{"href":"https:\/\/www.feuerwehr-florian.com\/index.php?rest_route=\/wp\/v2\/pages"}],"about":[{"href":"https:\/\/www.feuerwehr-florian.com\/index.php?rest_route=\/wp\/v2\/types\/page"}],"author":[{"embeddable":true,"href":"https:\/\/www.feuerwehr-florian.com\/index.php?rest_route=\/wp\/v2\/users\/1"}],"replies":[{"embeddable":true,"href":"https:\/\/www.feuerwehr-florian.com\/index.php?rest_route=%2Fwp%2Fv2%2Fcomments&post=2841"}],"version-history":[{"count":7,"href":"https:\/\/www.feuerwehr-florian.com\/index.php?rest_route=\/wp\/v2\/pages\/2841\/revisions"}],"predecessor-version":[{"id":7419,"href":"https:\/\/www.feuerwehr-florian.com\/index.php?rest_route=\/wp\/v2\/pages\/2841\/revisions\/7419"}],"up":[{"embeddable":true,"href":"https:\/\/www.feuerwehr-florian.com\/index.php?rest_route=\/wp\/v2\/pages\/1019"}],"wp:attachment":[{"href":"https:\/\/www.feuerwehr-florian.com\/index.php?rest_route=%2Fwp%2Fv2%2Fmedia&parent=2841"}],"curies":[{"name":"wp","href":"https:\/\/api.w.org\/{rel}","templated":true}]}}

Für Unternehmer und Planer

<div>
<p><a href="https://www.feuerwehr-florian.com/wp-content/uploads/2016/01/20151003-0131.jpg" rel="attachment wp-att-3018" data-rel="lightbox-gallery-GWMWRsMP" data-rl_title="" data-rl_caption="" title=""><img loading="lazy" decoding="async" class="alignleft wp-image-3018 size-thumbnail" src="https://www.feuerwehr-florian.com/wp-content/uploads/2016/01/20151003-0131-250x250.jpg" alt="" width="250" height="250" /></a>Der abwehrende Brandschutz stellt einen integralen Bestandteil des Brandschutzes dar und es bestehen diverse Schnittpunkte zum vorbeugenden Brandschutz, weshalb schon beim vorbeugenden Brandschutz die Weichen für eine funktionierende Brandbekämpfung gestellt werden.</p>
<p>Um die für eine Brandbekämpfung erforderlichen Voraussetzungen zu schaffen, werden bereits im Bau- und Gewerbeverfahren auf die Belange des abwehrenden Brandschutz Rücksicht genommen, da beim zugrunde liegenden Sicherheitskonzept von einer funktionierenden Brandbekämpfung ausgegangen wird, um die rechtlich geforderten Schutzziele erreichen zu können. Nur durch einheitliche Standards bei allen Betriebsanlagen kann dies auch im geforderten Ausmaß durch die Feuerwehr bewerkstelligt werden, weshalb Sie in dieser Rubrik Festlegungen bzw. Anhaltspunkte finden.</p>
</div>
<p>&nbsp;</p>
<p>&nbsp;</p>
<h2>Inhaltsübersicht:</h2>

<!-- Page-list plugin v.5.9 wordpress.org/plugins/page-list/ -->
<div class="page-list page-list-ext page-list-cols-2">
<div class="page-list-ext-item"><div class="page-list-ext-image"><a href="https://www.feuerwehr-florian.com/?page_id=2840" title="Brandschutzpläne"><img decoding="async" src="https://www.feuerwehr-florian.com/wp-content/uploads/2016/01/20151003-0116-1-250x250.jpg" width="100" alt="Brandschutzpläne" /></a></div> <h3 class="page-list-ext-title"><a href="https://www.feuerwehr-florian.com/?page_id=2840" title="Brandschutzpläne">Brandschutzpläne</a></h3><div class="page-list-ext-item-content"> In diesem Beitrag finden Sie die wichtigsten Informationen über Brandschutzpläne in der Gemeinde St. Florian, da es in diesem Zusammenhang immer wieder zu Unklarheiten kommt, welche wir bereits im Vorfeld ausräumen möchten.

Downloads: 

Leitfaden – A...</div></div>
<div class="page-list-ext-item"><div class="page-list-ext-image"><a href="https://www.feuerwehr-florian.com/?page_id=2842" title="Schulungen &amp; Vorträge zum Brandschutz"><img decoding="async" src="https://www.feuerwehr-florian.com/wp-content/uploads/2016/01/DSC_3576-250x250.jpg" width="100" alt="Schulungen &amp; Vorträge zum Brandschutz" /></a></div> <h3 class="page-list-ext-title"><a href="https://www.feuerwehr-florian.com/?page_id=2842" title="Schulungen &amp; Vorträge zum Brandschutz">Schulungen &amp; Vorträge zum Brandschutz</a></h3><div class="page-list-ext-item-content"> Sollten Sie in Ihrem Betrieb das Bedürfnis oder Erfordernis einer Brandschutzschulung haben, so stehen Ihnen Fachleute der Feuerwehr St. Florian für diesen speziellen Aufgabenbereich gerne zur Verfügung. Bei den Referenten handelt es sich hauptsächlich um ...</div></div>

</div>
<p><span class="article_separator"> </span>
<!-- Page-list plugin v.5.9 wordpress.org/plugins/page-list/ -->
<ul class="page-list siblings-page-list pagelist">
<li class="page_item page-item-2854 page_item_has_children"><a href="https://www.feuerwehr-florian.com/?page_id=2854">Bürgerservice</a></li>
<li class="page_item page-item-2841 page_item_has_children"><a href="https://www.feuerwehr-florian.com/?page_id=2841">Für Unternehmer und Planer</a></li>
<li class="page_item page-item-356"><a href="https://www.feuerwehr-florian.com/?page_id=356">Weblinks</a></li>

</ul></p>

<p>Der abwehrende Brandschutz stellt einen integralen Bestandteil des Brandschutzes dar und es bestehen diverse Schnittpunkte zum vorbeugenden Brandschutz, weshalb schon beim vorbeugenden Brandschutz die Weichen für eine funktionierende Brandbekämpfung gestellt werden. Um die für eine Brandbekämpfung erforderlichen Voraussetzungen zu schaffen, werden bereits im Bau- und Gewerbeverfahren auf die Belange des abwehrenden Brandschutz Rücksicht genommen, da</p>
<p><a class="more-link" href="https://www.feuerwehr-florian.com/?page_id=2841">Weiterlesen</a></p>
