{"id":2842,"date":"2016-01-05T15:40:41","date_gmt":"2016-01-05T14:40:41","guid":{"rendered":"http:\/\/wp.feuerwehr-florian.com\/?page_id=2842"},"modified":"2018-10-19T11:27:09","modified_gmt":"2018-10-19T09:27:09","slug":"brandschutzschulungen","status":"publish","type":"page","link":"https:\/\/www.feuerwehr-florian.com\/?page_id=2842","title":{"rendered":"Schulungen &#038; Vortr\u00e4ge zum Brandschutz"},"content":{"rendered":"<p><a href=\"https:\/\/www.feuerwehr-florian.com\/wp-content\/uploads\/2016\/01\/DSC_3576.jpg\" rel=\"attachment wp-att-1798\" data-rel=\"lightbox-gallery-xaW98SGa\" data-rl_title=\"\" data-rl_caption=\"\" title=\"\"><img loading=\"lazy\" decoding=\"async\" class=\"alignleft wp-image-1798 size-thumbnail\" src=\"https:\/\/www.feuerwehr-florian.com\/wp-content\/uploads\/2016\/01\/DSC_3576-250x250.jpg\" alt=\"DSC_3576\" width=\"250\" height=\"250\" \/><\/a>Sollten Sie in Ihrem Betrieb das Bed\u00fcrfnis oder Erfordernis einer Brandschutzschulung haben, so stehen Ihnen Fachleute der Feuerwehr St. Florian f\u00fcr diesen speziellen Aufgabenbereich gerne zur Verf\u00fcgung. Bei den Referenten handelt es sich haupts\u00e4chlich um Kameraden, bei denen diese Aufgaben auch zu Ihrem beruflichem Alltag geh\u00f6ren und daher \u00fcber das n\u00f6tige Fachwissen verf\u00fcgen.<\/p>\n<p>Die Schulungen bzw. Vortr\u00e4ge werden speziell an Ihre Bed\u00fcrfnisse angepasst und auf die betriebsspezifischen Gegebenheiten eingegangen, um ein h\u00f6chstes Ma\u00df Individualit\u00e4t gew\u00e4hrleisten zu k\u00f6nnen, damit Sie und Ihre Mitarbeiter bestm\u00f6glich von der investierten Zeit profitieren.<\/p>\n<p><strong>M\u00f6gliche Themenbereiche, die wir anbieten k\u00f6nnen:<\/strong><\/p>\n<ul>\n<li>Richtiges Verhalten im Brandfall<\/li>\n<li>L\u00f6schmittel der Ersten und Erweiterten L\u00f6schhilfe in der Theorie<\/li>\n<li>Praktische L\u00f6sch\u00fcbung mit tragbaren Feuerl\u00f6schern<\/li>\n<li>Externe Beobachtung von R\u00e4umungs\u00fcbungen<\/li>\n<li>H\u00e4ufige Brandursachen in Betrieben<\/li>\n<li>Unterweisung des Interventiondienstes<\/li>\n<li>\u2026<\/li>\n<\/ul>\n<p>Mit diesem Angebot kommen wir unserer gesetzlichen Verpflichtung nach \u00a7 2 Abs 3 O\u00f6. Feuerwehrgesetz nach, da diese vorsieht, dass auch \u00fcber den Kreis der Feuerwehrmitglieder hinaus entsprechende Schulungen nach M\u00f6glichkeit abzuhalten sind.<\/p>\n<p>Betriebe haben im Sinne des \u00a7 45 Arbeitsst\u00e4ttenverordnung\u00a0 auch eine entsprechende gesetzliche Verpflichtung zur Durchf\u00fchrung von R\u00e4umungs\u00fcbungen und zur Mitarbeiterunterweisung in der Handhabung von L\u00f6schger\u00e4ten. Bei uns erhalten Sie die entsprechende Unterst\u00fctzung.<\/p>\n<p>Sollten Sie zu diesem Bereich Anfragen haben, so wenden Sie sich vertrauensvoll mittels der angegebenen <strong><a href=\"https:\/\/www.feuerwehr-florian.com\/?page_id=973\">Kontaktdaten<\/a><\/strong> an uns.<\/p>\n\n<!-- Page-list plugin v.5.9 wordpress.org\/plugins\/page-list\/ -->\n<ul class=\"page-list siblings-page-list pagelist\">\n<li class=\"page_item page-item-2840\"><a href=\"https:\/\/www.feuerwehr-florian.com\/?page_id=2840\">Brandschutzpl\u00e4ne<\/a><\/li>\n<li class=\"page_item page-item-2842\"><a href=\"https:\/\/www.feuerwehr-florian.com\/?page_id=2842\">Schulungen &#038; Vortr\u00e4ge zum Brandschutz<\/a><\/li>\n\n<\/ul>\n","protected":false},"excerpt":{"rendered":"<p>Sollten Sie in Ihrem Betrieb das Bed\u00fcrfnis oder Erfordernis einer Brandschutzschulung haben, so stehen Ihnen Fachleute der Feuerwehr St. Florian f\u00fcr diesen speziellen Aufgabenbereich gerne zur Verf\u00fcgung. Bei den Referenten handelt es sich haupts\u00e4chlich um Kameraden, bei denen diese Aufgaben auch zu Ihrem beruflichem Alltag geh\u00f6ren und daher \u00fcber das n\u00f6tige Fachwissen verf\u00fcgen. Die Schulungen<\/p>\n<p><a class=\"more-link\" href=\"https:\/\/www.feuerwehr-florian.com\/?page_id=2842\">Weiterlesen<\/a><\/p>\n","protected":false},"author":1,"featured_media":0,"parent":2841,"menu_order":0,"comment_status":"closed","ping_status":"closed","template":"fullwidth.php","meta":{"footnotes":""},"class_list":["post-2842","page","type-page","status-publish","hentry"],"jetpack_sharing_enabled":true,"jetpack_likes_enabled":true,"_links":{"self":[{"href":"https:\/\/www.feuerwehr-florian.com\/index.php?rest_route=\/wp\/v2\/pages\/2842","targetHints":{"allow":["GET"]}}],"collection":[{"href":"https:\/\/www.feuerwehr-florian.com\/index.php?rest_route=\/wp\/v2\/pages"}],"about":[{"href":"https:\/\/www.feuerwehr-florian.com\/index.php?rest_route=\/wp\/v2\/types\/page"}],"author":[{"embeddable":true,"href":"https:\/\/www.feuerwehr-florian.com\/index.php?rest_route=\/wp\/v2\/users\/1"}],"replies":[{"embeddable":true,"href":"https:\/\/www.feuerwehr-florian.com\/index.php?rest_route=%2Fwp%2Fv2%2Fcomments&post=2842"}],"version-history":[{"count":12,"href":"https:\/\/www.feuerwehr-florian.com\/index.php?rest_route=\/wp\/v2\/pages\/2842\/revisions"}],"predecessor-version":[{"id":7415,"href":"https:\/\/www.feuerwehr-florian.com\/index.php?rest_route=\/wp\/v2\/pages\/2842\/revisions\/7415"}],"up":[{"embeddable":true,"href":"https:\/\/www.feuerwehr-florian.com\/index.php?rest_route=\/wp\/v2\/pages\/2841"}],"wp:attachment":[{"href":"https:\/\/www.feuerwehr-florian.com\/index.php?rest_route=%2Fwp%2Fv2%2Fmedia&parent=2842"}],"curies":[{"name":"wp","href":"https:\/\/api.w.org\/{rel}","templated":true}]}}