{"id":2846,"date":"2016-01-05T15:41:09","date_gmt":"2016-01-05T14:41:09","guid":{"rendered":"http:\/\/wp.feuerwehr-florian.com\/?page_id=2846"},"modified":"2018-10-19T11:35:18","modified_gmt":"2018-10-19T09:35:18","slug":"fuer-ihre-sicherheit-die-rettungskarte","status":"publish","type":"page","link":"https:\/\/www.feuerwehr-florian.com\/?page_id=2846","title":{"rendered":"F\u00fcr Ihre Sicherheit &#8211; die Rettungskarte"},"content":{"rendered":"<p><a href=\"https:\/\/www.feuerwehr-florian.com\/wp-content\/uploads\/2016\/01\/rettungskarte.jpg\" rel=\"attachment wp-att-2973\" data-rel=\"lightbox-gallery-8ap1RzoB\" data-rl_title=\"\" data-rl_caption=\"\" title=\"\"><img loading=\"lazy\" decoding=\"async\" class=\"alignleft wp-image-2973 size-full\" src=\"https:\/\/www.feuerwehr-florian.com\/wp-content\/uploads\/2016\/01\/rettungskarte.jpg\" alt=\"\" width=\"247\" height=\"186\" \/><\/a>Der \u00d6AMTC hat gemeinsam mit dem \u00d6sterreichischen Bundesfeuerwehrverband eine Aktion gestartet, welche zur Erh\u00f6hung Sicherheit von Unfallopern im Stra\u00dfenverkehr erheblich beitragen soll.<\/p>\n<p>Von Jahr zu Jahr werden immer mehr Sicherheitseinrichtungen in den PKW verbaut, die eine gr\u00f6\u00dftm\u00f6gliche Sicherheit bieten, jedoch auch nicht zu verachtende Nachteile mit sich bringen. Diese neuen Fahrzeug- und Sicherheitstechnologien bringen gerade bei Rettungsaktion durch die Einsatzkr\u00e4fte der Feuerwehr erhebliche Erschwernisse beim Einsatz von schweren Bergeger\u00e4t mit sich. Bei verbauten Airbags, Gurtstraffer, Gasgeneratoren, \u00dcberrollschutz oder Verst\u00e4rkungen ist oftmals die Einsatzgrenze von unseren Ger\u00e4tschaften erreicht, wenn man nicht genau erkennen kann, wo sich diese Bauteile befinden.<\/p>\n<p>Durch die Schaffung von einheitlichen &#8222;Rettungskarten&#8220; soll den Einsatzkr\u00e4ften eine \u00dcbersichtsdarstellung zur Verf\u00fcgung gestellt werden, mit welcher von den ersten Arbeitsschritten an, eine bestm\u00f6gliche Befreiung der Insassen gerw\u00e4hrleistet werden soll.<\/p>\n<p>Wie die Rettungszeiten aus verunfallen Kraftfahrzeugen in den letzten Jahren angestiegen ist, soll eine <strong><a href=\"https:\/\/www.oeamtc.at\/netautor\/download\/document\/auto\/Rettungsdauer_Fahrzeugalter.pdf\" target=\"_blank\">Grafik vom \u00d6AMTC<\/a><\/strong> zeigen.<\/p>\n<p>Genau Information finden Sie auf der Internetseite des <strong><a href=\"https:\/\/www.oeamtc.at\/rettungskarte\/\" target=\"_blank\">\u00d6AMTC<\/a><\/strong>, jedoch seien hier die Schritte angfe\u00fchrt, welche Sie f\u00fcr Ihre Sicherheit selbst ergreifen k\u00f6nnen:<\/p>\n<ol>\n<li>Gehen Sie auf die Internetseite des <strong><a href=\"https:\/\/www.oeamtc.at\/rettungskarte\/\" target=\"_blank\">\u00d6AMTC<\/a><\/strong><\/li>\n<li>W\u00e4hlen Sie Ihre Automarke<\/li>\n<li>W\u00e4hlen Sie genau Ihr das Modell aus<\/li>\n<li>Drucken Sie dieses eine Blatt aus<\/li>\n<li>Falten und besfestigen Sie es unter der Sonnenschutzblende des Fahrers<\/li>\n<li>Bringen Sie noch ideralerweise die entsprechende \u00d6AMTC-Plakette an der linken unteren Ecke der Windschutzscheibe an<\/li>\n<\/ol>\n\n<!-- Page-list plugin v.5.9 wordpress.org\/plugins\/page-list\/ -->\n<ul class=\"page-list siblings-page-list pagelist\">\n<li class=\"page_item page-item-2848\"><a href=\"https:\/\/www.feuerwehr-florian.com\/?page_id=2848\">Advent: Brandgefahren zur stillsten Zeit im Jahr<\/a><\/li>\n<li class=\"page_item page-item-2847\"><a href=\"https:\/\/www.feuerwehr-florian.com\/?page_id=2847\">Bienen, Wespen und Hornissen<\/a><\/li>\n<li class=\"page_item page-item-2844\"><a href=\"https:\/\/www.feuerwehr-florian.com\/?page_id=2844\">Brandgesch\u00e4digte Haushalte<\/a><\/li>\n<li class=\"page_item page-item-2849\"><a href=\"https:\/\/www.feuerwehr-florian.com\/?page_id=2849\">Endg\u00fcltiges Wunschlaternenverbot!<\/a><\/li>\n<li class=\"page_item page-item-2846\"><a href=\"https:\/\/www.feuerwehr-florian.com\/?page_id=2846\">F\u00fcr Ihre Sicherheit &#8211; die Rettungskarte<\/a><\/li>\n<li class=\"page_item page-item-11247\"><a href=\"https:\/\/www.feuerwehr-florian.com\/?page_id=11247\">Hochwasser Informationen<\/a><\/li>\n<li class=\"page_item page-item-2853\"><a href=\"https:\/\/www.feuerwehr-florian.com\/?page_id=2853\">Rauchmelder retten Leben!<\/a><\/li>\n<li class=\"page_item page-item-2845\"><a href=\"https:\/\/www.feuerwehr-florian.com\/?page_id=2845\">Rettungsgasse ab 2012 Pflicht<\/a><\/li>\n<li class=\"page_item page-item-2855\"><a href=\"https:\/\/www.feuerwehr-florian.com\/?page_id=2855\">Sirenensignale<\/a><\/li>\n<li class=\"page_item page-item-2856\"><a href=\"https:\/\/www.feuerwehr-florian.com\/?page_id=2856\">Tragbare Feuerl\u00f6scher<\/a><\/li>\n<li class=\"page_item page-item-2851\"><a href=\"https:\/\/www.feuerwehr-florian.com\/?page_id=2851\">Verhalten bei Br\u00e4nden<\/a><\/li>\n<li class=\"page_item page-item-2850\"><a href=\"https:\/\/www.feuerwehr-florian.com\/?page_id=2850\">Verhalten bei St\u00fcrmen<\/a><\/li>\n<li class=\"page_item page-item-2843\"><a href=\"https:\/\/www.feuerwehr-florian.com\/?page_id=2843\">Wald- und Flurbrandgefahr<\/a><\/li>\n\n<\/ul>\n","protected":false},"excerpt":{"rendered":"<p>Der \u00d6AMTC hat gemeinsam mit dem \u00d6sterreichischen Bundesfeuerwehrverband eine Aktion gestartet, welche zur Erh\u00f6hung Sicherheit von Unfallopern im Stra\u00dfenverkehr erheblich beitragen soll. Von Jahr zu Jahr werden immer mehr Sicherheitseinrichtungen in den PKW verbaut, die eine gr\u00f6\u00dftm\u00f6gliche Sicherheit bieten, jedoch auch nicht zu verachtende Nachteile mit sich bringen. Diese neuen Fahrzeug- und Sicherheitstechnologien bringen gerade<\/p>\n<p><a class=\"more-link\" href=\"https:\/\/www.feuerwehr-florian.com\/?page_id=2846\">Weiterlesen<\/a><\/p>\n","protected":false},"author":1,"featured_media":0,"parent":2854,"menu_order":4,"comment_status":"closed","ping_status":"closed","template":"fullwidth.php","meta":{"footnotes":""},"class_list":["post-2846","page","type-page","status-publish","hentry"],"jetpack_sharing_enabled":true,"jetpack_likes_enabled":true,"_links":{"self":[{"href":"https:\/\/www.feuerwehr-florian.com\/index.php?rest_route=\/wp\/v2\/pages\/2846","targetHints":{"allow":["GET"]}}],"collection":[{"href":"https:\/\/www.feuerwehr-florian.com\/index.php?rest_route=\/wp\/v2\/pages"}],"about":[{"href":"https:\/\/www.feuerwehr-florian.com\/index.php?rest_route=\/wp\/v2\/types\/page"}],"author":[{"embeddable":true,"href":"https:\/\/www.feuerwehr-florian.com\/index.php?rest_route=\/wp\/v2\/users\/1"}],"replies":[{"embeddable":true,"href":"https:\/\/www.feuerwehr-florian.com\/index.php?rest_route=%2Fwp%2Fv2%2Fcomments&post=2846"}],"version-history":[{"count":4,"href":"https:\/\/www.feuerwehr-florian.com\/index.php?rest_route=\/wp\/v2\/pages\/2846\/revisions"}],"predecessor-version":[{"id":7434,"href":"https:\/\/www.feuerwehr-florian.com\/index.php?rest_route=\/wp\/v2\/pages\/2846\/revisions\/7434"}],"up":[{"embeddable":true,"href":"https:\/\/www.feuerwehr-florian.com\/index.php?rest_route=\/wp\/v2\/pages\/2854"}],"wp:attachment":[{"href":"https:\/\/www.feuerwehr-florian.com\/index.php?rest_route=%2Fwp%2Fv2%2Fmedia&parent=2846"}],"curies":[{"name":"wp","href":"https:\/\/api.w.org\/{rel}","templated":true}]}}