{"id":2851,"date":"2016-01-05T15:41:39","date_gmt":"2016-01-05T14:41:39","guid":{"rendered":"http:\/\/wp.feuerwehr-florian.com\/?page_id=2851"},"modified":"2018-10-19T11:30:52","modified_gmt":"2018-10-19T09:30:52","slug":"verhalten-bei-braenden","status":"publish","type":"page","link":"https:\/\/www.feuerwehr-florian.com\/?page_id=2851","title":{"rendered":"Verhalten bei Br\u00e4nden"},"content":{"rendered":"<p><a href=\"https:\/\/www.feuerwehr-florian.com\/wp-content\/uploads\/2016\/01\/DSC_0532.jpg\" rel=\"attachment wp-att-1646\" data-rel=\"lightbox-gallery-0fFes4qD\" data-rl_title=\"\" data-rl_caption=\"\" title=\"\"><img loading=\"lazy\" decoding=\"async\" class=\"alignleft wp-image-1646 size-thumbnail\" src=\"https:\/\/www.feuerwehr-florian.com\/wp-content\/uploads\/2016\/01\/DSC_0532-250x250.jpg\" alt=\"DSC_0532\" width=\"250\" height=\"250\" \/><\/a>Im Brandfall ist es immens wichtig, dass man von der ersten Sekunde an richtig reagiert, um so das Leben von Mitmenschen und nat\u00fcrlich sein eigenes retten zu k\u00f6nnen.<br \/>\nFaktum ist, dass die meisten Brandtoten nicht in erster Linie verbrannt sind, sondern an den giftigen Rauchgasen erstickt sind. Diese Gase sind stark toxisch und k\u00f6nnen bereits nach wenigen Luftz\u00fcgen zur Bewusstlosigkeit f\u00fchren.<br \/>\nIm Sinne Ihres eigenes Wohles ist es daher wichtig, dass Sie im Ernstfall die bekannte KARL-Regel in dieser Reihenfolge befolgen. Wenn die KARL-Regel beachtet wird, k\u00f6nnen Sie sicher sein, dass Sie die richtigen Ma\u00dfnahmen f\u00fcr Brandf\u00e4lle ergriffen haben.<\/p>\n<p>Was hei\u00dft KARL?<\/p>\n<h2>Keine Panik<\/h2>\n<p>Wichtig ist, dass in Ausnahmesituationen wie einem Brand unbedingt Ruhe bewahrt wird und man nicht in Panik verf\u00e4llt, da nur so ein strukturiertes Denken und Handeln m\u00f6glich bleibt.<\/p>\n<h2>Alarmieren<\/h2>\n<p>Alarmieren Sie sofort die Feuerwehr \u00fcber die Notrufnummer 122!<br \/>\nIn solchen akuten Notf\u00e4llen ist immer und ausschlie\u00dflich diese Notrufnummer zu verwenden und der Notruf sofort abzusetzen, damit keine kostbare Zeit verloren geht, da bei s\u00e4mtlichen Einsatzkr\u00e4ften der Anfahrtsweg nicht vergessen werden darf.<br \/>\nDem Disponenten in der Notrufzentrale sind folgende Fragen zu beantworten:<\/p>\n<ul>\n<li>Wer ruft an?<\/li>\n<li>Was ist passiert?<\/li>\n<li>Wo ist es passiert?<\/li>\n<li>Wie sind die Umst\u00e4nde (bzw. sind Personen in Gefahr)?<\/li>\n<\/ul>\n<h2>Retten<\/h2>\n<p>Warnen Sie andere Menschen vor der Gefahr und verlassen Sie den Gefahrenbereich. Leisten Sie dabei anderen Personen Hilfe, soweit dies m\u00f6glich bzw. zumutbar ist.<br \/>\nSchlie\u00dfen Sie T\u00fcren und Fenster zum Brandraum und benutzen Sie die gekennzeichneten Fluchtwege (Aufz\u00fcge d\u00fcrfen in der Regel nicht benutzt werden). Einatmung von Brandrauch ist tunlichst zu vermeiden.<\/p>\n<h2>L\u00f6schen<\/h2>\n<p>Soweit es die Lage zul\u00e4sst, leiten Sie erst jetzt erste und erweiterte L\u00f6schma\u00dfnahmen mittels tragbaren Feuerl\u00f6schern oder anderen vorhandenen L\u00f6schger\u00e4ten (z.B. Wandhydranten) ein. Sie d\u00fcrfen sich und andere dabei aber nicht in Gefahr bringen!<br \/>\nWeisen Sie beim Eintreffen die Feuerwehr ein und informieren Sie \u00fcber die genaue Schadenslage (soweit sie bekannt ist) und bereits von Ihnen getroffene bzw. veranlasste Erstma\u00dfnahmen.<\/p>\n\n<!-- Page-list plugin v.5.9 wordpress.org\/plugins\/page-list\/ -->\n<ul class=\"page-list siblings-page-list pagelist\">\n<li class=\"page_item page-item-2848\"><a href=\"https:\/\/www.feuerwehr-florian.com\/?page_id=2848\">Advent: Brandgefahren zur stillsten Zeit im Jahr<\/a><\/li>\n<li class=\"page_item page-item-2847\"><a href=\"https:\/\/www.feuerwehr-florian.com\/?page_id=2847\">Bienen, Wespen und Hornissen<\/a><\/li>\n<li class=\"page_item page-item-2844\"><a href=\"https:\/\/www.feuerwehr-florian.com\/?page_id=2844\">Brandgesch\u00e4digte Haushalte<\/a><\/li>\n<li class=\"page_item page-item-2849\"><a href=\"https:\/\/www.feuerwehr-florian.com\/?page_id=2849\">Endg\u00fcltiges Wunschlaternenverbot!<\/a><\/li>\n<li class=\"page_item page-item-2846\"><a href=\"https:\/\/www.feuerwehr-florian.com\/?page_id=2846\">F\u00fcr Ihre Sicherheit &#8211; die Rettungskarte<\/a><\/li>\n<li class=\"page_item page-item-11247\"><a href=\"https:\/\/www.feuerwehr-florian.com\/?page_id=11247\">Hochwasser Informationen<\/a><\/li>\n<li class=\"page_item page-item-2853\"><a href=\"https:\/\/www.feuerwehr-florian.com\/?page_id=2853\">Rauchmelder retten Leben!<\/a><\/li>\n<li class=\"page_item page-item-2845\"><a href=\"https:\/\/www.feuerwehr-florian.com\/?page_id=2845\">Rettungsgasse ab 2012 Pflicht<\/a><\/li>\n<li class=\"page_item page-item-2855\"><a href=\"https:\/\/www.feuerwehr-florian.com\/?page_id=2855\">Sirenensignale<\/a><\/li>\n<li class=\"page_item page-item-2856\"><a href=\"https:\/\/www.feuerwehr-florian.com\/?page_id=2856\">Tragbare Feuerl\u00f6scher<\/a><\/li>\n<li class=\"page_item page-item-2851\"><a href=\"https:\/\/www.feuerwehr-florian.com\/?page_id=2851\">Verhalten bei Br\u00e4nden<\/a><\/li>\n<li class=\"page_item page-item-2850\"><a href=\"https:\/\/www.feuerwehr-florian.com\/?page_id=2850\">Verhalten bei St\u00fcrmen<\/a><\/li>\n<li class=\"page_item page-item-2843\"><a href=\"https:\/\/www.feuerwehr-florian.com\/?page_id=2843\">Wald- und Flurbrandgefahr<\/a><\/li>\n\n<\/ul>\n","protected":false},"excerpt":{"rendered":"<p>Im Brandfall ist es immens wichtig, dass man von der ersten Sekunde an richtig reagiert, um so das Leben von Mitmenschen und nat\u00fcrlich sein eigenes retten zu k\u00f6nnen. Faktum ist, dass die meisten Brandtoten nicht in erster Linie verbrannt sind, sondern an den giftigen Rauchgasen erstickt sind. Diese Gase sind stark toxisch und k\u00f6nnen bereits<\/p>\n<p><a class=\"more-link\" href=\"https:\/\/www.feuerwehr-florian.com\/?page_id=2851\">Weiterlesen<\/a><\/p>\n","protected":false},"author":1,"featured_media":0,"parent":2854,"menu_order":9,"comment_status":"closed","ping_status":"closed","template":"fullwidth.php","meta":{"footnotes":""},"class_list":["post-2851","page","type-page","status-publish","hentry"],"jetpack_sharing_enabled":true,"jetpack_likes_enabled":true,"_links":{"self":[{"href":"https:\/\/www.feuerwehr-florian.com\/index.php?rest_route=\/wp\/v2\/pages\/2851","targetHints":{"allow":["GET"]}}],"collection":[{"href":"https:\/\/www.feuerwehr-florian.com\/index.php?rest_route=\/wp\/v2\/pages"}],"about":[{"href":"https:\/\/www.feuerwehr-florian.com\/index.php?rest_route=\/wp\/v2\/types\/page"}],"author":[{"embeddable":true,"href":"https:\/\/www.feuerwehr-florian.com\/index.php?rest_route=\/wp\/v2\/users\/1"}],"replies":[{"embeddable":true,"href":"https:\/\/www.feuerwehr-florian.com\/index.php?rest_route=%2Fwp%2Fv2%2Fcomments&post=2851"}],"version-history":[{"count":7,"href":"https:\/\/www.feuerwehr-florian.com\/index.php?rest_route=\/wp\/v2\/pages\/2851\/revisions"}],"predecessor-version":[{"id":7425,"href":"https:\/\/www.feuerwehr-florian.com\/index.php?rest_route=\/wp\/v2\/pages\/2851\/revisions\/7425"}],"up":[{"embeddable":true,"href":"https:\/\/www.feuerwehr-florian.com\/index.php?rest_route=\/wp\/v2\/pages\/2854"}],"wp:attachment":[{"href":"https:\/\/www.feuerwehr-florian.com\/index.php?rest_route=%2Fwp%2Fv2%2Fmedia&parent=2851"}],"curies":[{"name":"wp","href":"https:\/\/api.w.org\/{rel}","templated":true}]}}