{"id":2853,"date":"2016-01-05T15:41:53","date_gmt":"2016-01-05T14:41:53","guid":{"rendered":"http:\/\/wp.feuerwehr-florian.com\/?page_id=2853"},"modified":"2018-10-19T11:34:41","modified_gmt":"2018-10-19T09:34:41","slug":"rauchmelder-retten-leben","status":"publish","type":"page","link":"https:\/\/www.feuerwehr-florian.com\/?page_id=2853","title":{"rendered":"Rauchmelder retten Leben!"},"content":{"rendered":"<p align=\"left\"><a href=\"https:\/\/www.feuerwehr-florian.com\/wp-content\/uploads\/2016\/01\/20140119-1930.jpg\" rel=\"attachment wp-att-3001\" data-rel=\"lightbox-gallery-TVN4c3DM\" data-rl_title=\"\" data-rl_caption=\"\" title=\"\"><img loading=\"lazy\" decoding=\"async\" class=\"wp-image-3001 size-thumbnail alignleft\" src=\"https:\/\/www.feuerwehr-florian.com\/wp-content\/uploads\/2016\/01\/20140119-1930-250x250.jpg\" alt=\"Ein Rauchmelder rettet 6 Menschenleben am 19. Januar 2014in Presse-EinsatzfotosPhotogalerie ENNSDORF. Am Sonntag den 19.J\u00e4nner sa\u00df in den Abendstunden eine Familie aus Ennsdorf gem\u00fctlich vor dem Fernseher, als pl\u00f6tzlich aus dem Dachbereich ein Piepston zu h\u00f6ren war, als sie den Fernseher leiser drehten war das Ger\u00e4usch deutlich zu h\u00f6ren und sie hielten Nachschau. Beim \u00f6ffnen der T\u00fcre kam ihnen dichter Rauch entgegen, sofort wurde via NOTRUF 122 die Feuerwehr verst\u00e4ndigt, mit zwei Feuerl\u00f6schern wurde der erste L\u00f6schversuch gestartet und die Flammen konnten einged\u00e4mmt werden. Von der Bereichsalarmzentrale der Feuerwehr wurden sofort 5 Feuerwehren zum Brandeinsatz alarmiert, ein Atemschutztrupp konnte mit der W\u00e4rmebildkamera rasch den Brandherd lokalisieren und abl\u00f6schen, so der Einsatzleiter. Ein Notarztteam und zwei Rettungswagen vom Roten Kreuz sowie ein Allgemeinmediziner versorgten 6 Personen mit Verdacht auf Rauchgasvergiftung, 5 davon wurden in ein Krankenhaus nach Linz transportiert. Laut Informationen der Einsatzkr\u00e4fte ist der Sachschaden sehr hoch, in dem Raum befand sich auch ein Modellflugzeug im Wert von ca. \u20ac 6.000,- . Die genaue Brandursache ist derzeit noch unklar und Gegenstand der Ermittlungen. Textquelle: bfk-amstetten.at Videomaterial zu den aktuellen Bericht in HD Qualit\u00e4t ist auf Anfrage unter +43 (0) 650 4241676 oder office@foto-kerschi.at zu beziehen. Zu dem aktuellen Bericht bieten wir auch Interview(s) an!\" width=\"250\" height=\"250\" \/><\/a>Durch Rauchmelder werden insbesondere schlafende oder unachtsame Personen vor einem Brand gewarnt. Diese haben somit mehr Zeit die Feuerwehr zu alarmieren bzw. gef\u00e4hrdete R\u00e4ume zu verlassen. Der Einsatz von Rauchmeldern wird besonders in Ruher\u00e4umen und auf Fluchtwegen (Flure etc.) empfohlen. Rauchmelder k\u00f6nnen jeder Zeit bei der Feuerwehr St. Florian erworben werden, nehmen Sie einfach Kontakt mit uns auf.<\/p>\n<h2 align=\"left\">Empfohlene Montageorte<\/h2>\n<ul>\n<li>\n<div align=\"left\">Platzieren Sie die Rauchmelder im Schlafzimmer. Bei mehreren Schlafzimmern sollte jedes Schlafzimmer mit einem Rauchmelder ausger\u00fcstet sein.<\/div>\n<\/li>\n<li>\n<div align=\"left\">Bringen Sie in jedem Stockwerk mindestens einen Rauchmelder an.<\/div>\n<\/li>\n<li>\n<div align=\"left\">Installieren Sie in R\u00e4umen mit elektrischen Ger\u00e4ten, die unbeaufsichtigt in Betrieb sind, Rauchmelder.<\/div>\n<\/li>\n<li>\n<div align=\"left\">Rauchmelder sind am Besten in der Mitte der Zimmerdecke zu befestigen. So kann die gesamte R\u00e4umlichkeit am Besten erfasst werden.<\/div>\n<\/li>\n<\/ul>\n<h2>Bringen Sie Rauchmelder nicht<\/h2>\n<ul>\n<li>\n<div>in der K\u00fcche an: Rauchentwicklung beim Kochen k\u00f6nnte den Alarm ungewollt ausl\u00f6sen.<\/div>\n<\/li>\n<li>\n<div>in der Garage an: Verbrennungsr\u00fcckst\u00e4nde treten hier\u00a0beispielsweise beim Starten Ihres Autos auf.<\/div>\n<\/li>\n<li>\n<div>vor Heizanlagen oder Klimaanlagen.<\/div>\n<\/li>\n<li>\n<div>am h\u00f6chsten Punkt von spitz zulaufenden D\u00e4chern an.<\/div>\n<\/li>\n<\/ul>\n<p><a href=\"https:\/\/www.feuerwehr-florian.com\/wp-content\/uploads\/2016\/01\/rauchmelder2.jpg\" rel=\"attachment wp-att-2999\" data-rel=\"lightbox-gallery-TVN4c3DM\" data-rl_title=\"\" data-rl_caption=\"\" title=\"\"><img loading=\"lazy\" decoding=\"async\" class=\"alignnone size-full wp-image-2999\" src=\"https:\/\/www.feuerwehr-florian.com\/wp-content\/uploads\/2016\/01\/rauchmelder2.jpg\" alt=\"rauchmelder2\" width=\"601\" height=\"291\" srcset=\"https:\/\/www.feuerwehr-florian.com\/wp-content\/uploads\/2016\/01\/rauchmelder2.jpg 601w, https:\/\/www.feuerwehr-florian.com\/wp-content\/uploads\/2016\/01\/rauchmelder2-600x291.jpg 600w\" sizes=\"auto, (max-width: 601px) 100vw, 601px\" \/><\/a><\/p>\n\n<!-- Page-list plugin v.5.9 wordpress.org\/plugins\/page-list\/ -->\n<ul class=\"page-list siblings-page-list pagelist\">\n<li class=\"page_item page-item-2848\"><a href=\"https:\/\/www.feuerwehr-florian.com\/?page_id=2848\">Advent: Brandgefahren zur stillsten Zeit im Jahr<\/a><\/li>\n<li class=\"page_item page-item-2847\"><a href=\"https:\/\/www.feuerwehr-florian.com\/?page_id=2847\">Bienen, Wespen und Hornissen<\/a><\/li>\n<li class=\"page_item page-item-2844\"><a href=\"https:\/\/www.feuerwehr-florian.com\/?page_id=2844\">Brandgesch\u00e4digte Haushalte<\/a><\/li>\n<li class=\"page_item page-item-2849\"><a href=\"https:\/\/www.feuerwehr-florian.com\/?page_id=2849\">Endg\u00fcltiges Wunschlaternenverbot!<\/a><\/li>\n<li class=\"page_item page-item-2846\"><a href=\"https:\/\/www.feuerwehr-florian.com\/?page_id=2846\">F\u00fcr Ihre Sicherheit &#8211; die Rettungskarte<\/a><\/li>\n<li class=\"page_item page-item-11247\"><a href=\"https:\/\/www.feuerwehr-florian.com\/?page_id=11247\">Hochwasser Informationen<\/a><\/li>\n<li class=\"page_item page-item-2853\"><a href=\"https:\/\/www.feuerwehr-florian.com\/?page_id=2853\">Rauchmelder retten Leben!<\/a><\/li>\n<li class=\"page_item page-item-2845\"><a href=\"https:\/\/www.feuerwehr-florian.com\/?page_id=2845\">Rettungsgasse ab 2012 Pflicht<\/a><\/li>\n<li class=\"page_item page-item-2855\"><a href=\"https:\/\/www.feuerwehr-florian.com\/?page_id=2855\">Sirenensignale<\/a><\/li>\n<li class=\"page_item page-item-2856\"><a href=\"https:\/\/www.feuerwehr-florian.com\/?page_id=2856\">Tragbare Feuerl\u00f6scher<\/a><\/li>\n<li class=\"page_item page-item-2851\"><a href=\"https:\/\/www.feuerwehr-florian.com\/?page_id=2851\">Verhalten bei Br\u00e4nden<\/a><\/li>\n<li class=\"page_item page-item-2850\"><a href=\"https:\/\/www.feuerwehr-florian.com\/?page_id=2850\">Verhalten bei St\u00fcrmen<\/a><\/li>\n<li class=\"page_item page-item-2843\"><a href=\"https:\/\/www.feuerwehr-florian.com\/?page_id=2843\">Wald- und Flurbrandgefahr<\/a><\/li>\n\n<\/ul>\n","protected":false},"excerpt":{"rendered":"<p>Durch Rauchmelder werden insbesondere schlafende oder unachtsame Personen vor einem Brand gewarnt. Diese haben somit mehr Zeit die Feuerwehr zu alarmieren bzw. gef\u00e4hrdete R\u00e4ume zu verlassen. Der Einsatz von Rauchmeldern wird besonders in Ruher\u00e4umen und auf Fluchtwegen (Flure etc.) empfohlen. Rauchmelder k\u00f6nnen jeder Zeit bei der Feuerwehr St. Florian erworben werden, nehmen Sie einfach Kontakt<\/p>\n<p><a class=\"more-link\" href=\"https:\/\/www.feuerwehr-florian.com\/?page_id=2853\">Weiterlesen<\/a><\/p>\n","protected":false},"author":1,"featured_media":0,"parent":2854,"menu_order":6,"comment_status":"closed","ping_status":"closed","template":"fullwidth.php","meta":{"footnotes":""},"class_list":["post-2853","page","type-page","status-publish","hentry"],"jetpack_sharing_enabled":true,"jetpack_likes_enabled":true,"_links":{"self":[{"href":"https:\/\/www.feuerwehr-florian.com\/index.php?rest_route=\/wp\/v2\/pages\/2853","targetHints":{"allow":["GET"]}}],"collection":[{"href":"https:\/\/www.feuerwehr-florian.com\/index.php?rest_route=\/wp\/v2\/pages"}],"about":[{"href":"https:\/\/www.feuerwehr-florian.com\/index.php?rest_route=\/wp\/v2\/types\/page"}],"author":[{"embeddable":true,"href":"https:\/\/www.feuerwehr-florian.com\/index.php?rest_route=\/wp\/v2\/users\/1"}],"replies":[{"embeddable":true,"href":"https:\/\/www.feuerwehr-florian.com\/index.php?rest_route=%2Fwp%2Fv2%2Fcomments&post=2853"}],"version-history":[{"count":6,"href":"https:\/\/www.feuerwehr-florian.com\/index.php?rest_route=\/wp\/v2\/pages\/2853\/revisions"}],"predecessor-version":[{"id":7432,"href":"https:\/\/www.feuerwehr-florian.com\/index.php?rest_route=\/wp\/v2\/pages\/2853\/revisions\/7432"}],"up":[{"embeddable":true,"href":"https:\/\/www.feuerwehr-florian.com\/index.php?rest_route=\/wp\/v2\/pages\/2854"}],"wp:attachment":[{"href":"https:\/\/www.feuerwehr-florian.com\/index.php?rest_route=%2Fwp%2Fv2%2Fmedia&parent=2853"}],"curies":[{"name":"wp","href":"https:\/\/api.w.org\/{rel}","templated":true}]}}