{"id":3051,"date":"2016-01-06T00:10:06","date_gmt":"2016-01-05T23:10:06","guid":{"rendered":"http:\/\/wp.feuerwehr-florian.com\/?page_id=3051"},"modified":"2023-12-12T20:46:36","modified_gmt":"2023-12-12T19:46:36","slug":"kdo-kommandofahrzeug","status":"publish","type":"page","link":"https:\/\/www.feuerwehr-florian.com\/?page_id=3051","title":{"rendered":"MTFA &#8211; Mannschafts-Transportfahrzeug"},"content":{"rendered":"<p><a href=\"https:\/\/www.feuerwehr-florian.com\/wp-content\/uploads\/2021\/12\/RWP00427-1-e1639908352561.jpg\" data-rel=\"lightbox-gallery-S05tl7zH\" data-rl_title=\"\" data-rl_caption=\"\" title=\"\"><img loading=\"lazy\" decoding=\"async\" class=\"alignleft wp-image-9386 size-medium\" src=\"https:\/\/www.feuerwehr-florian.com\/wp-content\/uploads\/2021\/12\/RWP00427-1-e1639908352561-1000x508.jpg\" alt=\"\" width=\"1000\" height=\"508\" srcset=\"https:\/\/www.feuerwehr-florian.com\/wp-content\/uploads\/2021\/12\/RWP00427-1-e1639908352561-1000x508.jpg 1000w, https:\/\/www.feuerwehr-florian.com\/wp-content\/uploads\/2021\/12\/RWP00427-1-e1639908352561.jpg 1361w\" sizes=\"auto, (max-width: 1000px) 100vw, 1000px\" \/><\/a><\/p>\n<table style=\"width: 100%;\" border=\"0\" cellspacing=\"2\" cellpadding=\"5\">\n<tbody>\n<tr>\n<td style=\"background-color: #ed1c24;\" colspan=\"2\">\n<h6>MTFA ST. Florian<\/h6>\n<\/td>\n<\/tr>\n<tr>\n<td style=\"text-align: left; vertical-align: top; background-color: #cccccc;\"><strong>Fahrzeug:<\/strong><\/td>\n<td style=\"width: 75%; text-align: left; vertical-align: top; background-color: #f0f0f0;\">Mercedes Benz Vito<\/td>\n<\/tr>\n<tr>\n<td style=\"text-align: left; vertical-align: top; background-color: #cccccc;\"><strong>Baujahr:<\/strong><\/td>\n<td style=\"text-align: left; vertical-align: top; background-color: #f0f0f0;\">2021<\/td>\n<\/tr>\n<tr>\n<td style=\"width: 25%; text-align: left; vertical-align: top; background-color: #cccccc;\"><strong>Motor:<\/strong><\/td>\n<td style=\"text-align: left; vertical-align: top; background-color: #f0f0f0;\">Diesel 190 PS<\/td>\n<\/tr>\n<tr>\n<td style=\"width: 25%; text-align: left; vertical-align: top; background-color: #cccccc;\"><strong>Ausr\u00fcstung:<\/strong><\/td>\n<td style=\"text-align: left; vertical-align: top; background-color: #f0f0f0;\">Lautsprecheranlage<br \/>\nAbsperrmaterial<br \/>\nVerkehrsleiteinrichtung<br \/>\nWinkerkellen<br \/>\nWarnwesten<br \/>\nFunkger\u00e4t<br \/>\nHandscheinwerfer<br \/>\nFeuerl\u00f6scher<br \/>\nL\u00f6schdecke<br \/>\nErste Hilfe Koffer<br \/>\nWerkzeugkoffer<\/td>\n<\/tr>\n<\/tbody>\n<\/table>\n\n\t\t<style type=\"text\/css\">\n\t\t\t#gallery-1 {\n\t\t\t\tmargin: auto;\n\t\t\t}\n\t\t\t#gallery-1 .gallery-item {\n\t\t\t\tfloat: left;\n\t\t\t\tmargin-top: 10px;\n\t\t\t\ttext-align: center;\n\t\t\t\twidth: 33%;\n\t\t\t}\n\t\t\t#gallery-1 img {\n\t\t\t\tborder: 2px solid #cfcfcf;\n\t\t\t}\n\t\t\t#gallery-1 .gallery-caption {\n\t\t\t\tmargin-left: 0;\n\t\t\t}\n\t\t\t\/* see gallery_shortcode() in wp-includes\/media.php *\/\n\t\t<\/style>\n\t\t<div id='gallery-1' class='gallery galleryid-3051 gallery-columns-3 gallery-size-thumbnail'><dl class='gallery-item'>\n\t\t\t<dt class='gallery-icon landscape'>\n\t\t\t\t<a href='https:\/\/www.feuerwehr-florian.com\/wp-content\/uploads\/2021\/12\/RWP00427.jpg' title=\"\" data-rl_title=\"\" class=\"rl-gallery-link\" data-rl_caption=\"\" data-rel=\"lightbox-gallery-1\"><img loading=\"lazy\" decoding=\"async\" width=\"250\" height=\"250\" src=\"https:\/\/www.feuerwehr-florian.com\/wp-content\/uploads\/2021\/12\/RWP00427-250x250.jpg\" class=\"attachment-thumbnail size-thumbnail\" alt=\"\" \/><\/a>\n\t\t\t<\/dt><\/dl><dl class='gallery-item'>\n\t\t\t<dt class='gallery-icon landscape'>\n\t\t\t\t<a href='https:\/\/www.feuerwehr-florian.com\/wp-content\/uploads\/2021\/12\/RWP00430.jpg' title=\"\" data-rl_title=\"\" class=\"rl-gallery-link\" data-rl_caption=\"\" data-rel=\"lightbox-gallery-1\"><img loading=\"lazy\" decoding=\"async\" width=\"250\" height=\"250\" src=\"https:\/\/www.feuerwehr-florian.com\/wp-content\/uploads\/2021\/12\/RWP00430-250x250.jpg\" class=\"attachment-thumbnail size-thumbnail\" alt=\"\" \/><\/a>\n\t\t\t<\/dt><\/dl><dl class='gallery-item'>\n\t\t\t<dt class='gallery-icon portrait'>\n\t\t\t\t<a href='https:\/\/www.feuerwehr-florian.com\/wp-content\/uploads\/2021\/12\/RWP00432.jpg' title=\"\" data-rl_title=\"\" class=\"rl-gallery-link\" data-rl_caption=\"\" data-rel=\"lightbox-gallery-1\"><img loading=\"lazy\" decoding=\"async\" width=\"250\" height=\"250\" src=\"https:\/\/www.feuerwehr-florian.com\/wp-content\/uploads\/2021\/12\/RWP00432-250x250.jpg\" class=\"attachment-thumbnail size-thumbnail\" alt=\"\" \/><\/a>\n\t\t\t<\/dt><\/dl><br style=\"clear: both\" \/><dl class='gallery-item'>\n\t\t\t<dt class='gallery-icon landscape'>\n\t\t\t\t<a href='https:\/\/www.feuerwehr-florian.com\/wp-content\/uploads\/2021\/12\/RWP00437.jpg' title=\"\" data-rl_title=\"\" class=\"rl-gallery-link\" data-rl_caption=\"\" data-rel=\"lightbox-gallery-1\"><img loading=\"lazy\" decoding=\"async\" width=\"250\" height=\"250\" src=\"https:\/\/www.feuerwehr-florian.com\/wp-content\/uploads\/2021\/12\/RWP00437-250x250.jpg\" class=\"attachment-thumbnail size-thumbnail\" alt=\"\" srcset=\"https:\/\/www.feuerwehr-florian.com\/wp-content\/uploads\/2021\/12\/RWP00437-250x250.jpg 250w, https:\/\/www.feuerwehr-florian.com\/wp-content\/uploads\/2021\/12\/RWP00437-1000x1000.jpg 1000w, https:\/\/www.feuerwehr-florian.com\/wp-content\/uploads\/2021\/12\/RWP00437-2000x2000.jpg 2000w, https:\/\/www.feuerwehr-florian.com\/wp-content\/uploads\/2021\/12\/RWP00437-1536x1536.jpg 1536w, https:\/\/www.feuerwehr-florian.com\/wp-content\/uploads\/2021\/12\/RWP00437.jpg 2048w\" sizes=\"auto, (max-width: 250px) 100vw, 250px\" \/><\/a>\n\t\t\t<\/dt><\/dl><dl class='gallery-item'>\n\t\t\t<dt class='gallery-icon portrait'>\n\t\t\t\t<a href='https:\/\/www.feuerwehr-florian.com\/wp-content\/uploads\/2021\/12\/RWP00439.jpg' title=\"\" data-rl_title=\"\" class=\"rl-gallery-link\" data-rl_caption=\"\" data-rel=\"lightbox-gallery-1\"><img loading=\"lazy\" decoding=\"async\" width=\"250\" height=\"250\" src=\"https:\/\/www.feuerwehr-florian.com\/wp-content\/uploads\/2021\/12\/RWP00439-250x250.jpg\" class=\"attachment-thumbnail size-thumbnail\" alt=\"\" \/><\/a>\n\t\t\t<\/dt><\/dl><dl class='gallery-item'>\n\t\t\t<dt class='gallery-icon landscape'>\n\t\t\t\t<a href='https:\/\/www.feuerwehr-florian.com\/wp-content\/uploads\/2021\/12\/RWP00444.jpg' title=\"\" data-rl_title=\"\" class=\"rl-gallery-link\" data-rl_caption=\"\" data-rel=\"lightbox-gallery-1\"><img loading=\"lazy\" decoding=\"async\" width=\"250\" height=\"250\" src=\"https:\/\/www.feuerwehr-florian.com\/wp-content\/uploads\/2021\/12\/RWP00444-250x250.jpg\" class=\"attachment-thumbnail size-thumbnail\" alt=\"\" \/><\/a>\n\t\t\t<\/dt><\/dl><br style=\"clear: both\" \/><dl class='gallery-item'>\n\t\t\t<dt class='gallery-icon portrait'>\n\t\t\t\t<a href='https:\/\/www.feuerwehr-florian.com\/wp-content\/uploads\/2021\/12\/RWP00446.jpg' title=\"\" data-rl_title=\"\" class=\"rl-gallery-link\" data-rl_caption=\"\" data-rel=\"lightbox-gallery-1\"><img loading=\"lazy\" decoding=\"async\" width=\"250\" height=\"250\" src=\"https:\/\/www.feuerwehr-florian.com\/wp-content\/uploads\/2021\/12\/RWP00446-250x250.jpg\" class=\"attachment-thumbnail size-thumbnail\" alt=\"\" \/><\/a>\n\t\t\t<\/dt><\/dl>\n\t\t\t<br style='clear: both' \/>\n\t\t<\/div>\n\n\n<!-- Page-list plugin v.5.9 wordpress.org\/plugins\/page-list\/ -->\n<ul class=\"page-list siblings-page-list pagelist\">\n<li class=\"page_item page-item-2916\"><a href=\"https:\/\/www.feuerwehr-florian.com\/?page_id=2916\">KDOA &#8211; Kommandofahrzeug<\/a><\/li>\n<li class=\"page_item page-item-3047\"><a href=\"https:\/\/www.feuerwehr-florian.com\/?page_id=3047\">TLFA-B 2000\/200 &#8211; Tankl\u00f6schfahrzeug<\/a><\/li>\n<li class=\"page_item page-item-3048\"><a href=\"https:\/\/www.feuerwehr-florian.com\/?page_id=3048\">TB 23-12 &#8211; Teleskopmastb\u00fchne 23-12<\/a><\/li>\n<li class=\"page_item page-item-3049\"><a href=\"https:\/\/www.feuerwehr-florian.com\/?page_id=3049\">LF-A &#8211; L\u00f6schfahrzeug<\/a><\/li>\n<li class=\"page_item page-item-3050\"><a href=\"https:\/\/www.feuerwehr-florian.com\/?page_id=3050\">LAST &#8211; Transportfahrzeug<\/a><\/li>\n<li class=\"page_item page-item-3051\"><a href=\"https:\/\/www.feuerwehr-florian.com\/?page_id=3051\">MTFA &#8211; Mannschafts-Transportfahrzeug<\/a><\/li>\n<li class=\"page_item page-item-3120\"><a href=\"https:\/\/www.feuerwehr-florian.com\/?page_id=3120\">Fr\u00fchere Fahrzeuge<\/a><\/li>\n\n<\/ul>\n<p style=\"text-align: right;\">\n","protected":false},"excerpt":{"rendered":"<p>MTFA ST. Florian Fahrzeug: Mercedes Benz Vito Baujahr: 2021 Motor: Diesel 190 PS Ausr\u00fcstung: Lautsprecheranlage Absperrmaterial Verkehrsleiteinrichtung Winkerkellen Warnwesten Funkger\u00e4t Handscheinwerfer Feuerl\u00f6scher L\u00f6schdecke Erste Hilfe Koffer Werkzeugkoffer KDOA &#8211; Kommandofahrzeug TLFA-B 2000\/200 &#8211; Tankl\u00f6schfahrzeug TB 23-12 &#8211; Teleskopmastb\u00fchne 23-12 LF-A &#8211; L\u00f6schfahrzeug LAST &#8211; Transportfahrzeug MTFA &#8211; Mannschafts-Transportfahrzeug Fr\u00fchere Fahrzeuge<\/p>\n","protected":false},"author":1,"featured_media":9386,"parent":2804,"menu_order":7,"comment_status":"closed","ping_status":"closed","template":"fullwidth.php","meta":{"footnotes":""},"class_list":["post-3051","page","type-page","status-publish","has-post-thumbnail","hentry"],"jetpack_sharing_enabled":true,"jetpack_likes_enabled":true,"_links":{"self":[{"href":"https:\/\/www.feuerwehr-florian.com\/index.php?rest_route=\/wp\/v2\/pages\/3051","targetHints":{"allow":["GET"]}}],"collection":[{"href":"https:\/\/www.feuerwehr-florian.com\/index.php?rest_route=\/wp\/v2\/pages"}],"about":[{"href":"https:\/\/www.feuerwehr-florian.com\/index.php?rest_route=\/wp\/v2\/types\/page"}],"author":[{"embeddable":true,"href":"https:\/\/www.feuerwehr-florian.com\/index.php?rest_route=\/wp\/v2\/users\/1"}],"replies":[{"embeddable":true,"href":"https:\/\/www.feuerwehr-florian.com\/index.php?rest_route=%2Fwp%2Fv2%2Fcomments&post=3051"}],"version-history":[{"count":18,"href":"https:\/\/www.feuerwehr-florian.com\/index.php?rest_route=\/wp\/v2\/pages\/3051\/revisions"}],"predecessor-version":[{"id":11624,"href":"https:\/\/www.feuerwehr-florian.com\/index.php?rest_route=\/wp\/v2\/pages\/3051\/revisions\/11624"}],"up":[{"embeddable":true,"href":"https:\/\/www.feuerwehr-florian.com\/index.php?rest_route=\/wp\/v2\/pages\/2804"}],"wp:featuredmedia":[{"embeddable":true,"href":"https:\/\/www.feuerwehr-florian.com\/index.php?rest_route=\/wp\/v2\/media\/9386"}],"wp:attachment":[{"href":"https:\/\/www.feuerwehr-florian.com\/index.php?rest_route=%2Fwp%2Fv2%2Fmedia&parent=3051"}],"curies":[{"name":"wp","href":"https:\/\/api.w.org\/{rel}","templated":true}]}}