{"id":3257,"date":"2016-01-06T16:39:36","date_gmt":"2016-01-06T15:39:36","guid":{"rendered":"http:\/\/wp.feuerwehr-florian.com\/?page_id=3257"},"modified":"2018-10-19T12:03:30","modified_gmt":"2018-10-19T10:03:30","slug":"das-feuerwehrhaus-2","status":"publish","type":"page","link":"https:\/\/www.feuerwehr-florian.com\/?page_id=3257","title":{"rendered":"Unser Feuerwehrhaus"},"content":{"rendered":"<p><a href=\"https:\/\/www.feuerwehr-florian.com\/wp-content\/uploads\/2016\/01\/Feuewehrhaus-Seite.jpg\" rel=\"attachment wp-att-3261\" data-rel=\"lightbox-gallery-rJluyqeL\" data-rl_title=\"\" data-rl_caption=\"\" title=\"\"><img loading=\"lazy\" decoding=\"async\" class=\"alignnone size-medium wp-image-3261\" src=\"https:\/\/www.feuerwehr-florian.com\/wp-content\/uploads\/2016\/01\/Feuewehrhaus-Seite-1000x319.jpg\" alt=\"\" width=\"1000\" height=\"319\" srcset=\"https:\/\/www.feuerwehr-florian.com\/wp-content\/uploads\/2016\/01\/Feuewehrhaus-Seite-1000x319.jpg 1000w, https:\/\/www.feuerwehr-florian.com\/wp-content\/uploads\/2016\/01\/Feuewehrhaus-Seite.jpg 2000w, https:\/\/www.feuerwehr-florian.com\/wp-content\/uploads\/2016\/01\/Feuewehrhaus-Seite-600x191.jpg 600w\" sizes=\"auto, (max-width: 1000px) 100vw, 1000px\" \/><\/a><\/p>\n<p><img loading=\"lazy\" decoding=\"async\" class=\"alignleft wp-image-3260 size-thumbnail\" src=\"https:\/\/www.feuerwehr-florian.com\/wp-content\/uploads\/2016\/01\/Feuewehrhaus-oben-250x250.jpg\" alt=\"\" width=\"250\" height=\"250\" \/>Im Oktober 2001 wurde vom Gemeinderat der Beschluss gefasst, am Areal des Ziegeleiparkplatzes in der Stiftstra\u00dfe ein neues Feuerwehrzeughaus f\u00fcr die FF Markt und eine Ortsstelle f\u00fcr das Rote Kreuz St. Florian zu errichten. Dieser Standort wurde von der Feuerwehr als ideal bef\u00fcrwortet, weil zum einen ein Gro\u00dfteil der aktiven Feuerwehrm\u00e4nner in diesem Bereich wohnt und zum anderen dieser Platz eine entsprechende Nutzung erh\u00e4lt. Seitens des Stiftes als Grundeigent\u00fcmer wurde die Zustimmung zur Anpachtung durch die Gemeinde erteilt.<\/p>\n<p>Im Jahre 2002 wurden folgende Schritte gesetzt: Mit der Vorentwurfsplanung wurde der \u00f6rtliche Baumeister Ing. Erwin Hauser aus Hausleiten betraut. Nach zahlreichen Gespr\u00e4chen mit den verschiedenen Organisationen und Institutionen (Feuerwehr, Landesfeuerwehrverband, Bezirks- und Landesverband des Roten Kreuzes, Rettung, Gemeinde, Ortsbildbeirat des Landes O\u00d6., Landessanit\u00e4tsdirektion, Hochbauabteilung des Landes O\u00d6.) wurden ein Plan und eine Kostensch\u00e4tzung offiziell bei der zust\u00e4ndigen Abteilung des Landes eingereicht. Gleichzeitig wurde die baurechtliche Umwidmung des Grundst\u00fcckes in die Wege geleitet und abgeschlossen. Zu Beginn des Jahres 2003 wurde vom Land O\u00d6. das Raumerfordernisprogramm genehmigt und der Kostenrahmen festgelegt. Die geplanten Gesamtkosten der Einsatzzentrale betragen rund \u20ac 1,940.000,&#8211;. Davon entfallen etwa \u20ac 570.000,&#8211; auf das Rote Kreuz und \u20ac 1,370.000,&#8211; auf die Feuerwehr. Seitens des Landes O\u00d6. werden ca. \u20ac 800.000,&#8211; an F\u00f6rderung erwartet, wobei Zusagen \u00fcber \u20ac 600.000,&#8211; bereits gemacht wurden.<\/p>\n<p><a href=\"https:\/\/www.feuerwehr-florian.com\/wp-content\/uploads\/2016\/01\/Feuerwehr-1-Bearbeitet_250.jpg\" rel=\"attachment wp-att-4923\" data-rel=\"lightbox-gallery-rJluyqeL\" data-rl_title=\"\" data-rl_caption=\"\" title=\"\"><img loading=\"lazy\" decoding=\"async\" class=\"alignleft wp-image-4923 size-thumbnail\" src=\"https:\/\/www.feuerwehr-florian.com\/wp-content\/uploads\/2016\/01\/Feuerwehr-1-Bearbeitet_250-250x250.jpg\" alt=\"\" width=\"250\" height=\"250\" \/><\/a>Baubeginn war M\u00e4rz 2004. Abgesehen von unz\u00e4hligen Planungsstunden in der Vorauftragsphase und w\u00e4hrend der gesamten Bauzeit halfen immer wieder einige Feuerwehrm\u00e4nner bei diversen Arbeiten am Neubau mit. So wurde durch Kameraden der Marktfeuerwehr die Verkabelung, Montage und Inbetriebnahme der Brandmeldeanlage in Eigenregie erledigt. Weiters wurde die Telefonanlage von Kameraden montiert und in Betrieb genommen. Die Verkabelung der Ladestationen f\u00fcr die Einsatzfahrzeuge und der Umbau der Fahrzeuge auf die neuen Ladestecker erfolgte ebenfalls von Spezialisten innerhalb der Feuerwehr. Die Vernetzung und der Aufbau der EDV Anlage, sowie das programmieren der speziellen Einsatzsoftware auf die Feuerwehrrechner erledigten unsere PC Spezialisten innerhalb der Feuerwehr. Auch bei der Einrichtung der Werkst\u00e4tten und der Umkleider\u00e4ume wurde von freiwilligen Helfern tatkr\u00e4ftig mitgeholfen. Von den gesamten Feuerwehrm\u00e4nnern wurden w\u00e4hrend der Bauzeit an die 1500 Stunden an Eigenleistungen erbracht. Die Feuerwehr leistete auch einen finanziellen Beitrag von 40.000,&#8211; Euro zum Bau des Einsatzzentrums.<\/p>\n<p>Die Fertigstellung erfolgte Anfang April 2005. Am Freitag den 8. April 2005 begann mit dem Umschalten des Warn und Alarmierungssystems ins neue Feuerwehrhaus die \u00dcbersiedlung. Bereits am fr\u00fchen Morgen begannen die Feuerwehrm\u00e4nner mit den Umsiedelungsarbeiten vom alten Standort in die neue Zentrale. Es wurden s\u00e4mtliche pers\u00f6nliche Ausr\u00fcstungsgegenst\u00e4nde, Fahrzeuge, Schl\u00e4uche und alles Werkzeug innerhalb eines Tages in das neue Haus gebracht. Dort wurde unter tatkr\u00e4ftiger Mithilfe unserer Frauen, alles gereinigt und auf die neuen vorgesehenen Pl\u00e4tze verstaut. An die 40 Feuerwehrm\u00e4nner halfen bei der \u00dcbersiedlung mit. In den Wochen bis zur tats\u00e4chlichen Er\u00f6ffnung wurden von den Professionisten die noch ausstehenden Fertigstellungsarbeiten erledigt.<\/p>\n\n\t\t<style type=\"text\/css\">\n\t\t\t#gallery-1 {\n\t\t\t\tmargin: auto;\n\t\t\t}\n\t\t\t#gallery-1 .gallery-item {\n\t\t\t\tfloat: left;\n\t\t\t\tmargin-top: 10px;\n\t\t\t\ttext-align: center;\n\t\t\t\twidth: 33%;\n\t\t\t}\n\t\t\t#gallery-1 img {\n\t\t\t\tborder: 2px solid #cfcfcf;\n\t\t\t}\n\t\t\t#gallery-1 .gallery-caption {\n\t\t\t\tmargin-left: 0;\n\t\t\t}\n\t\t\t\/* see gallery_shortcode() in wp-includes\/media.php *\/\n\t\t<\/style>\n\t\t<div id='gallery-1' class='gallery galleryid-3257 gallery-columns-3 gallery-size-thumbnail'><dl class='gallery-item'>\n\t\t\t<dt class='gallery-icon landscape'>\n\t\t\t\t<a href='https:\/\/www.feuerwehr-florian.com\/wp-content\/uploads\/2016\/01\/15.03.04-1.jpg' title=\"\" data-rl_title=\"\" class=\"rl-gallery-link\" data-rl_caption=\"\" data-rel=\"lightbox-gallery-1\"><img loading=\"lazy\" decoding=\"async\" width=\"250\" height=\"250\" src=\"https:\/\/www.feuerwehr-florian.com\/wp-content\/uploads\/2016\/01\/15.03.04-1-250x250.jpg\" class=\"attachment-thumbnail size-thumbnail\" alt=\"\" \/><\/a>\n\t\t\t<\/dt><\/dl><dl class='gallery-item'>\n\t\t\t<dt class='gallery-icon landscape'>\n\t\t\t\t<a href='https:\/\/www.feuerwehr-florian.com\/wp-content\/uploads\/2016\/01\/19.03.04-2.jpg' title=\"\" data-rl_title=\"\" class=\"rl-gallery-link\" data-rl_caption=\"\" data-rel=\"lightbox-gallery-1\"><img loading=\"lazy\" decoding=\"async\" width=\"250\" height=\"250\" src=\"https:\/\/www.feuerwehr-florian.com\/wp-content\/uploads\/2016\/01\/19.03.04-2-250x250.jpg\" class=\"attachment-thumbnail size-thumbnail\" alt=\"\" \/><\/a>\n\t\t\t<\/dt><\/dl><dl class='gallery-item'>\n\t\t\t<dt class='gallery-icon landscape'>\n\t\t\t\t<a href='https:\/\/www.feuerwehr-florian.com\/wp-content\/uploads\/2016\/01\/23.04.2004.jpg' title=\"\" data-rl_title=\"\" class=\"rl-gallery-link\" data-rl_caption=\"\" data-rel=\"lightbox-gallery-1\"><img loading=\"lazy\" decoding=\"async\" width=\"250\" height=\"250\" src=\"https:\/\/www.feuerwehr-florian.com\/wp-content\/uploads\/2016\/01\/23.04.2004-250x250.jpg\" class=\"attachment-thumbnail size-thumbnail\" alt=\"\" \/><\/a>\n\t\t\t<\/dt><\/dl><br style=\"clear: both\" \/><dl class='gallery-item'>\n\t\t\t<dt class='gallery-icon landscape'>\n\t\t\t\t<a href='https:\/\/www.feuerwehr-florian.com\/wp-content\/uploads\/2016\/01\/23.04.2004-8.jpg' title=\"\" data-rl_title=\"\" class=\"rl-gallery-link\" data-rl_caption=\"\" data-rel=\"lightbox-gallery-1\"><img loading=\"lazy\" decoding=\"async\" width=\"250\" height=\"250\" src=\"https:\/\/www.feuerwehr-florian.com\/wp-content\/uploads\/2016\/01\/23.04.2004-8-250x250.jpg\" class=\"attachment-thumbnail size-thumbnail\" alt=\"\" \/><\/a>\n\t\t\t<\/dt><\/dl><dl class='gallery-item'>\n\t\t\t<dt class='gallery-icon landscape'>\n\t\t\t\t<a href='https:\/\/www.feuerwehr-florian.com\/wp-content\/uploads\/2016\/01\/23.04.2004-7.jpg' title=\"\" data-rl_title=\"\" class=\"rl-gallery-link\" data-rl_caption=\"\" data-rel=\"lightbox-gallery-1\"><img loading=\"lazy\" decoding=\"async\" width=\"250\" height=\"250\" src=\"https:\/\/www.feuerwehr-florian.com\/wp-content\/uploads\/2016\/01\/23.04.2004-7-250x250.jpg\" class=\"attachment-thumbnail size-thumbnail\" alt=\"\" \/><\/a>\n\t\t\t<\/dt><\/dl><dl class='gallery-item'>\n\t\t\t<dt class='gallery-icon landscape'>\n\t\t\t\t<a href='https:\/\/www.feuerwehr-florian.com\/wp-content\/uploads\/2016\/01\/040524-51.jpg' title=\"\" data-rl_title=\"\" class=\"rl-gallery-link\" data-rl_caption=\"\" data-rel=\"lightbox-gallery-1\"><img loading=\"lazy\" decoding=\"async\" width=\"250\" height=\"250\" src=\"https:\/\/www.feuerwehr-florian.com\/wp-content\/uploads\/2016\/01\/040524-51-250x250.jpg\" class=\"attachment-thumbnail size-thumbnail\" alt=\"\" \/><\/a>\n\t\t\t<\/dt><\/dl><br style=\"clear: both\" \/><dl class='gallery-item'>\n\t\t\t<dt class='gallery-icon landscape'>\n\t\t\t\t<a href='https:\/\/www.feuerwehr-florian.com\/wp-content\/uploads\/2016\/01\/040513-7.jpg' title=\"\" data-rl_title=\"\" class=\"rl-gallery-link\" data-rl_caption=\"\" data-rel=\"lightbox-gallery-1\"><img loading=\"lazy\" decoding=\"async\" width=\"250\" height=\"250\" src=\"https:\/\/www.feuerwehr-florian.com\/wp-content\/uploads\/2016\/01\/040513-7-250x250.jpg\" class=\"attachment-thumbnail size-thumbnail\" alt=\"\" \/><\/a>\n\t\t\t<\/dt><\/dl><dl class='gallery-item'>\n\t\t\t<dt class='gallery-icon landscape'>\n\t\t\t\t<a href='https:\/\/www.feuerwehr-florian.com\/wp-content\/uploads\/2016\/01\/040530-1.jpg' title=\"\" data-rl_title=\"\" class=\"rl-gallery-link\" data-rl_caption=\"\" data-rel=\"lightbox-gallery-1\"><img loading=\"lazy\" decoding=\"async\" width=\"250\" height=\"250\" src=\"https:\/\/www.feuerwehr-florian.com\/wp-content\/uploads\/2016\/01\/040530-1-250x250.jpg\" class=\"attachment-thumbnail size-thumbnail\" alt=\"\" \/><\/a>\n\t\t\t<\/dt><\/dl><dl class='gallery-item'>\n\t\t\t<dt class='gallery-icon landscape'>\n\t\t\t\t<a href='https:\/\/www.feuerwehr-florian.com\/wp-content\/uploads\/2016\/01\/040601-4.jpg' title=\"\" data-rl_title=\"\" class=\"rl-gallery-link\" data-rl_caption=\"\" data-rel=\"lightbox-gallery-1\"><img loading=\"lazy\" decoding=\"async\" width=\"250\" height=\"250\" src=\"https:\/\/www.feuerwehr-florian.com\/wp-content\/uploads\/2016\/01\/040601-4-250x250.jpg\" class=\"attachment-thumbnail size-thumbnail\" alt=\"\" \/><\/a>\n\t\t\t<\/dt><\/dl><br style=\"clear: both\" \/><dl class='gallery-item'>\n\t\t\t<dt class='gallery-icon landscape'>\n\t\t\t\t<a href='https:\/\/www.feuerwehr-florian.com\/wp-content\/uploads\/2016\/01\/040601-11.jpg' title=\"\" data-rl_title=\"\" class=\"rl-gallery-link\" data-rl_caption=\"\" data-rel=\"lightbox-gallery-1\"><img loading=\"lazy\" decoding=\"async\" width=\"250\" height=\"250\" src=\"https:\/\/www.feuerwehr-florian.com\/wp-content\/uploads\/2016\/01\/040601-11-250x250.jpg\" class=\"attachment-thumbnail size-thumbnail\" alt=\"\" \/><\/a>\n\t\t\t<\/dt><\/dl><dl class='gallery-item'>\n\t\t\t<dt class='gallery-icon landscape'>\n\t\t\t\t<a href='https:\/\/www.feuerwehr-florian.com\/wp-content\/uploads\/2016\/01\/DSC00284.jpg' title=\"\" data-rl_title=\"\" class=\"rl-gallery-link\" data-rl_caption=\"\" data-rel=\"lightbox-gallery-1\"><img loading=\"lazy\" decoding=\"async\" width=\"250\" height=\"250\" src=\"https:\/\/www.feuerwehr-florian.com\/wp-content\/uploads\/2016\/01\/DSC00284-250x250.jpg\" class=\"attachment-thumbnail size-thumbnail\" alt=\"\" \/><\/a>\n\t\t\t<\/dt><\/dl><dl class='gallery-item'>\n\t\t\t<dt class='gallery-icon landscape'>\n\t\t\t\t<a href='https:\/\/www.feuerwehr-florian.com\/wp-content\/uploads\/2016\/01\/DSC00262.jpg' title=\"\" data-rl_title=\"\" class=\"rl-gallery-link\" data-rl_caption=\"\" data-rel=\"lightbox-gallery-1\"><img loading=\"lazy\" decoding=\"async\" width=\"250\" height=\"250\" src=\"https:\/\/www.feuerwehr-florian.com\/wp-content\/uploads\/2016\/01\/DSC00262-250x250.jpg\" class=\"attachment-thumbnail size-thumbnail\" alt=\"\" \/><\/a>\n\t\t\t<\/dt><\/dl><br style=\"clear: both\" \/><dl class='gallery-item'>\n\t\t\t<dt class='gallery-icon landscape'>\n\t\t\t\t<a href='https:\/\/www.feuerwehr-florian.com\/wp-content\/uploads\/2016\/01\/040614-61.jpg' title=\"\" data-rl_title=\"\" class=\"rl-gallery-link\" data-rl_caption=\"\" data-rel=\"lightbox-gallery-1\"><img loading=\"lazy\" decoding=\"async\" width=\"250\" height=\"250\" src=\"https:\/\/www.feuerwehr-florian.com\/wp-content\/uploads\/2016\/01\/040614-61-250x250.jpg\" class=\"attachment-thumbnail size-thumbnail\" alt=\"\" \/><\/a>\n\t\t\t<\/dt><\/dl><dl class='gallery-item'>\n\t\t\t<dt class='gallery-icon landscape'>\n\t\t\t\t<a href='https:\/\/www.feuerwehr-florian.com\/wp-content\/uploads\/2016\/01\/040621-31.jpg' title=\"\" data-rl_title=\"\" class=\"rl-gallery-link\" data-rl_caption=\"\" data-rel=\"lightbox-gallery-1\"><img loading=\"lazy\" decoding=\"async\" width=\"250\" height=\"250\" src=\"https:\/\/www.feuerwehr-florian.com\/wp-content\/uploads\/2016\/01\/040621-31-250x250.jpg\" class=\"attachment-thumbnail size-thumbnail\" alt=\"\" \/><\/a>\n\t\t\t<\/dt><\/dl><dl class='gallery-item'>\n\t\t\t<dt class='gallery-icon portrait'>\n\t\t\t\t<a href='https:\/\/www.feuerwehr-florian.com\/wp-content\/uploads\/2016\/01\/040614-1.jpg' title=\"\" data-rl_title=\"\" class=\"rl-gallery-link\" data-rl_caption=\"\" data-rel=\"lightbox-gallery-1\"><img loading=\"lazy\" decoding=\"async\" width=\"250\" height=\"250\" src=\"https:\/\/www.feuerwehr-florian.com\/wp-content\/uploads\/2016\/01\/040614-1-250x250.jpg\" class=\"attachment-thumbnail size-thumbnail\" alt=\"\" \/><\/a>\n\t\t\t<\/dt><\/dl><br style=\"clear: both\" \/><dl class='gallery-item'>\n\t\t\t<dt class='gallery-icon portrait'>\n\t\t\t\t<a href='https:\/\/www.feuerwehr-florian.com\/wp-content\/uploads\/2016\/01\/040911-3.jpg' title=\"\" data-rl_title=\"\" class=\"rl-gallery-link\" data-rl_caption=\"\" data-rel=\"lightbox-gallery-1\"><img loading=\"lazy\" decoding=\"async\" width=\"250\" height=\"250\" src=\"https:\/\/www.feuerwehr-florian.com\/wp-content\/uploads\/2016\/01\/040911-3-250x250.jpg\" class=\"attachment-thumbnail size-thumbnail\" alt=\"\" \/><\/a>\n\t\t\t<\/dt><\/dl><dl class='gallery-item'>\n\t\t\t<dt class='gallery-icon landscape'>\n\t\t\t\t<a href='https:\/\/www.feuerwehr-florian.com\/wp-content\/uploads\/2016\/01\/040911-1.jpg' title=\"\" data-rl_title=\"\" class=\"rl-gallery-link\" data-rl_caption=\"\" data-rel=\"lightbox-gallery-1\"><img loading=\"lazy\" decoding=\"async\" width=\"250\" height=\"250\" src=\"https:\/\/www.feuerwehr-florian.com\/wp-content\/uploads\/2016\/01\/040911-1-250x250.jpg\" class=\"attachment-thumbnail size-thumbnail\" alt=\"\" \/><\/a>\n\t\t\t<\/dt><\/dl><dl class='gallery-item'>\n\t\t\t<dt class='gallery-icon landscape'>\n\t\t\t\t<a href='https:\/\/www.feuerwehr-florian.com\/wp-content\/uploads\/2016\/01\/DSC00655.jpg' title=\"\" data-rl_title=\"\" class=\"rl-gallery-link\" data-rl_caption=\"\" data-rel=\"lightbox-gallery-1\"><img loading=\"lazy\" decoding=\"async\" width=\"250\" height=\"250\" src=\"https:\/\/www.feuerwehr-florian.com\/wp-content\/uploads\/2016\/01\/DSC00655-250x250.jpg\" class=\"attachment-thumbnail size-thumbnail\" alt=\"\" \/><\/a>\n\t\t\t<\/dt><\/dl><br style=\"clear: both\" \/>\n\t\t<\/div>\n\n\n<!-- Page-list plugin v.5.9 wordpress.org\/plugins\/page-list\/ -->\n<div class=\"page-list page-list-ext page-list-cols-2\">\n<div class=\"page-list-ext-item\"><div class=\"page-list-ext-image\"><a href=\"https:\/\/www.feuerwehr-florian.com\/?page_id=3271\" title=\"Die R\u00e4ume der Einsatzzentrale\"><img decoding=\"async\" src=\"https:\/\/www.feuerwehr-florian.com\/wp-content\/uploads\/2016\/01\/IMG_0048-250x250.jpg\" width=\"100\" alt=\"Die R\u00e4ume der Einsatzzentrale\" \/><\/a><\/div> <h3 class=\"page-list-ext-title\"><a href=\"https:\/\/www.feuerwehr-florian.com\/?page_id=3271\" title=\"Die R\u00e4ume der Einsatzzentrale\">Die R\u00e4ume der Einsatzzentrale<\/a><\/h3><div class=\"page-list-ext-item-content\">Einsatzleitzentrale \r\nDie Einsatzleitstelle ist ausgestattet mit 2 gleichwertigen Arbeitspl\u00e4tzen mit Funk, Telefon und PC. Auf dem linke Arbeitsplatz befindet sich der Einsatzrechner und das Warn und Alarmierungssystem WAS. Im Alarmfall l\u00e4uft der Rechner a...<\/div><\/div>\n<div class=\"page-list-ext-item\"><div class=\"page-list-ext-image\"><a href=\"https:\/\/www.feuerwehr-florian.com\/?page_id=3355\" title=\"Gleichenfeier der Einsatzzentrale\"><img decoding=\"async\" src=\"https:\/\/www.feuerwehr-florian.com\/wp-content\/uploads\/2016\/01\/IMG_3286-250x250.jpg\" width=\"100\" alt=\"Gleichenfeier der Einsatzzentrale\" \/><\/a><\/div> <h3 class=\"page-list-ext-title\"><a href=\"https:\/\/www.feuerwehr-florian.com\/?page_id=3355\" title=\"Gleichenfeier der Einsatzzentrale\">Gleichenfeier der Einsatzzentrale<\/a><\/h3><div class=\"page-list-ext-item-content\"> Nach der Spatenstichfeier am 5. September des Vorjahres war die ein weiterer Termin zum Feiern f\u00fcr das Rote Kreuz und die Feuerwehr. Ungef\u00e4hr 4 Monate nach Baubeginn konnten sich die Anwesenden Vertreter der Gemeinde, Politiker, Rotes Kreuz und die F...<\/div><\/div>\n<div class=\"page-list-ext-item\"><div class=\"page-list-ext-image\"><a href=\"https:\/\/www.feuerwehr-florian.com\/?page_id=3350\" title=\"Er\u00f6ffnung der Einsatzzentrale\"><img decoding=\"async\" src=\"https:\/\/www.feuerwehr-florian.com\/wp-content\/uploads\/2016\/01\/GG9U6580-e1452713974463-2000x1335-250x250.jpg\" width=\"100\" alt=\"Er\u00f6ffnung der Einsatzzentrale\" \/><\/a><\/div> <h3 class=\"page-list-ext-title\"><a href=\"https:\/\/www.feuerwehr-florian.com\/?page_id=3350\" title=\"Er\u00f6ffnung der Einsatzzentrale\">Er\u00f6ffnung der Einsatzzentrale<\/a><\/h3><div class=\"page-list-ext-item-content\"> Bei den Er\u00f6ffnungsfeierlichkeiten konnten wir an der Spitze der Ehreng\u00e4ste den Feuerwehrlandesrat Herrn Dr. Josef Stockinger begr\u00fc\u00dfen. Weiters waren vertreten: Herr Landesrat Dr. Hermann Kepplinger, als Vertreter der Kirche: Probst Johannes Holzinger, Pr\u00e4...<\/div><\/div>\n<div class=\"page-list-ext-item\"><div class=\"page-list-ext-image\"><a href=\"https:\/\/www.feuerwehr-florian.com\/?page_id=3270\" title=\"Das Feuerwehrhaus bis 2005\"><img decoding=\"async\" src=\"https:\/\/www.feuerwehr-florian.com\/wp-content\/uploads\/2016\/01\/Ordner-1_Bild-076-1-250x250.jpg\" width=\"100\" alt=\"Das Feuerwehrhaus bis 2005\" \/><\/a><\/div> <h3 class=\"page-list-ext-title\"><a href=\"https:\/\/www.feuerwehr-florian.com\/?page_id=3270\" title=\"Das Feuerwehrhaus bis 2005\">Das Feuerwehrhaus bis 2005<\/a><\/h3><div class=\"page-list-ext-item-content\"> Bis 2005 durfte sich die Marktfeuerwehr St. Florian r\u00fchmen als eine der wenigen Feuerwehren in \u00d6sterreich seit der Gr\u00fcndung der Feuerwehr im Jahre 1872 noch immer im selben Hause untergebracht zu sein. Dieses Zeughaus entsprach schon lange nicht mehr de...<\/div><\/div>\n\n<\/div>\n\n<!-- Page-list plugin v.5.9 wordpress.org\/plugins\/page-list\/ -->\n<ul class=\"page-list siblings-page-list pagelist\">\n<li class=\"page_item page-item-2328 page_item_has_children\"><a href=\"https:\/\/www.feuerwehr-florian.com\/?page_id=2328\">\u00dcber uns<\/a><\/li>\n<li class=\"page_item page-item-2804 page_item_has_children\"><a href=\"https:\/\/www.feuerwehr-florian.com\/?page_id=2804\">Unsere Fahrzeuge<\/a><\/li>\n<li class=\"page_item page-item-3257 page_item_has_children\"><a href=\"https:\/\/www.feuerwehr-florian.com\/?page_id=3257\">Unser Feuerwehrhaus<\/a><\/li>\n<li class=\"page_item page-item-2810\"><a href=\"https:\/\/www.feuerwehr-florian.com\/?page_id=2810\">Unsere Ausr\u00fcstung<\/a><\/li>\n<li class=\"page_item page-item-2815\"><a href=\"https:\/\/www.feuerwehr-florian.com\/?page_id=2815\">Unser Einsatzgebiet<\/a><\/li>\n<li class=\"page_item page-item-340\"><a href=\"https:\/\/www.feuerwehr-florian.com\/?page_id=340\">Pyrotechnischer Beauftragter<\/a><\/li>\n<li class=\"page_item page-item-10709\"><a href=\"https:\/\/www.feuerwehr-florian.com\/?page_id=10709\">T\u00e4tigkeitsberichte<\/a><\/li>\n<li class=\"page_item page-item-10708\"><a href=\"https:\/\/www.feuerwehr-florian.com\/?page_id=10708\">Jahresr\u00fcckblicke<\/a><\/li>\n\n<\/ul>\n","protected":false},"excerpt":{"rendered":"<p>Im Oktober 2001 wurde vom Gemeinderat der Beschluss gefasst, am Areal des Ziegeleiparkplatzes in der Stiftstra\u00dfe ein neues Feuerwehrzeughaus f\u00fcr die FF Markt und eine Ortsstelle f\u00fcr das Rote Kreuz St. Florian zu errichten. Dieser Standort wurde von der Feuerwehr als ideal bef\u00fcrwortet, weil zum einen ein Gro\u00dfteil der aktiven Feuerwehrm\u00e4nner in diesem Bereich wohnt<\/p>\n<p><a class=\"more-link\" href=\"https:\/\/www.feuerwehr-florian.com\/?page_id=3257\">Weiterlesen<\/a><\/p>\n","protected":false},"author":1,"featured_media":3872,"parent":886,"menu_order":3,"comment_status":"closed","ping_status":"closed","template":"fullwidth.php","meta":{"footnotes":""},"class_list":["post-3257","page","type-page","status-publish","has-post-thumbnail","hentry"],"jetpack_sharing_enabled":true,"jetpack_likes_enabled":true,"_links":{"self":[{"href":"https:\/\/www.feuerwehr-florian.com\/index.php?rest_route=\/wp\/v2\/pages\/3257","targetHints":{"allow":["GET"]}}],"collection":[{"href":"https:\/\/www.feuerwehr-florian.com\/index.php?rest_route=\/wp\/v2\/pages"}],"about":[{"href":"https:\/\/www.feuerwehr-florian.com\/index.php?rest_route=\/wp\/v2\/types\/page"}],"author":[{"embeddable":true,"href":"https:\/\/www.feuerwehr-florian.com\/index.php?rest_route=\/wp\/v2\/users\/1"}],"replies":[{"embeddable":true,"href":"https:\/\/www.feuerwehr-florian.com\/index.php?rest_route=%2Fwp%2Fv2%2Fcomments&post=3257"}],"version-history":[{"count":16,"href":"https:\/\/www.feuerwehr-florian.com\/index.php?rest_route=\/wp\/v2\/pages\/3257\/revisions"}],"predecessor-version":[{"id":7459,"href":"https:\/\/www.feuerwehr-florian.com\/index.php?rest_route=\/wp\/v2\/pages\/3257\/revisions\/7459"}],"up":[{"embeddable":true,"href":"https:\/\/www.feuerwehr-florian.com\/index.php?rest_route=\/wp\/v2\/pages\/886"}],"wp:featuredmedia":[{"embeddable":true,"href":"https:\/\/www.feuerwehr-florian.com\/index.php?rest_route=\/wp\/v2\/media\/3872"}],"wp:attachment":[{"href":"https:\/\/www.feuerwehr-florian.com\/index.php?rest_route=%2Fwp%2Fv2%2Fmedia&parent=3257"}],"curies":[{"name":"wp","href":"https:\/\/api.w.org\/{rel}","templated":true}]}}