{"id":3270,"date":"2016-01-06T16:39:23","date_gmt":"2016-01-06T15:39:23","guid":{"rendered":"http:\/\/wp.feuerwehr-florian.com\/?page_id=3270"},"modified":"2018-10-19T12:01:43","modified_gmt":"2018-10-19T10:01:43","slug":"das-feuerwehrhaus-bis-ins-jahr-2005","status":"publish","type":"page","link":"https:\/\/www.feuerwehr-florian.com\/?page_id=3270","title":{"rendered":"Das Feuerwehrhaus bis 2005"},"content":{"rendered":"<p><a href=\"https:\/\/www.feuerwehr-florian.com\/wp-content\/uploads\/2016\/01\/Ordner-1_Bild-076-1.jpg\" rel=\"attachment wp-att-3691\" data-rel=\"lightbox-gallery-SCtL6nVd\" data-rl_title=\"\" data-rl_caption=\"\" title=\"\"><img loading=\"lazy\" decoding=\"async\" class=\"alignleft size-thumbnail wp-image-3691\" src=\"https:\/\/www.feuerwehr-florian.com\/wp-content\/uploads\/2016\/01\/Ordner-1_Bild-076-1-250x250.jpg\" alt=\"Ordner-1_Bild-076\" width=\"250\" height=\"250\" \/><\/a>Bis 2005 durfte sich die Marktfeuerwehr St. Florian r\u00fchmen als eine der wenigen Feuerwehren in \u00d6sterreich seit der Gr\u00fcndung der Feuerwehr im Jahre 1872 noch immer im selben Hause untergebracht zu sein. Dieses Zeughaus entsprach schon lange nicht mehr dem Standard der heutigen Feuerwehrtechnik.<\/p>\n<p>Im Jahre 1992 wurde ein neuer Tankwagen angeschafft, dadurch wurde auch ein Umbau der Garage notwendig, da das vorhandene Tor f\u00fcr das L\u00f6schfahrzeug zu niedrig und zu wenig breit war.<\/p>\n<p>Die beiden Garagen waren f\u00fcr unsere Fahrzeuge viel zu klein, so dass 2 Autos hintereinander stehen mussten. Das alte TLFA 4000 und die Drehleiter standen im Freien. Bereits vor Jahren wurden die vorhandenen sanit\u00e4ren Anlagen von Feuerwehrmitgliedern umgebaut und erneuert. Die Beheizung des Feuerwehrhauses war im Winter wegen der schlechten Isolierung nur sehr schwer m\u00f6glich. Bis ins Jahr 2000 wurden auf der einzigen, kleinen Werkbank im Zeughaus alle Wartungsarbeiten an den Ger\u00e4ten durchgef\u00fchrt und auch die Atemschutzmasken gereinigt und gepr\u00fcft. Seit dem das Rote Kreuz eine neue Dienststelle bekam, bezogen wir die alten R\u00e4umlichkeiten der Rettung, welche in Eigenregie restauriert wurden. Diese R\u00e4ume dienten uns, au\u00dfer als Atemschutzwerkst\u00e4tte, auch noch als Schulungs- und Aufenthaltsraum f\u00fcr an die 20 Jugendfeuerwehrmitglieder.<\/p>\n\n\t\t<style type=\"text\/css\">\n\t\t\t#gallery-1 {\n\t\t\t\tmargin: auto;\n\t\t\t}\n\t\t\t#gallery-1 .gallery-item {\n\t\t\t\tfloat: left;\n\t\t\t\tmargin-top: 10px;\n\t\t\t\ttext-align: center;\n\t\t\t\twidth: 33%;\n\t\t\t}\n\t\t\t#gallery-1 img {\n\t\t\t\tborder: 2px solid #cfcfcf;\n\t\t\t}\n\t\t\t#gallery-1 .gallery-caption {\n\t\t\t\tmargin-left: 0;\n\t\t\t}\n\t\t\t\/* see gallery_shortcode() in wp-includes\/media.php *\/\n\t\t<\/style>\n\t\t<div id='gallery-1' class='gallery galleryid-3270 gallery-columns-3 gallery-size-thumbnail'><dl class='gallery-item'>\n\t\t\t<dt class='gallery-icon landscape'>\n\t\t\t\t<a href='https:\/\/www.feuerwehr-florian.com\/wp-content\/uploads\/2016\/01\/Ordner-1_Bild-076-1.jpg' title=\"\" data-rl_title=\"\" class=\"rl-gallery-link\" data-rl_caption=\"\" data-rel=\"lightbox-gallery-1\"><img loading=\"lazy\" decoding=\"async\" width=\"250\" height=\"250\" src=\"https:\/\/www.feuerwehr-florian.com\/wp-content\/uploads\/2016\/01\/Ordner-1_Bild-076-1-250x250.jpg\" class=\"attachment-thumbnail size-thumbnail\" alt=\"\" \/><\/a>\n\t\t\t<\/dt><\/dl><dl class='gallery-item'>\n\t\t\t<dt class='gallery-icon portrait'>\n\t\t\t\t<a href='https:\/\/www.feuerwehr-florian.com\/wp-content\/uploads\/2016\/01\/IMG_0006-2.jpg' title=\"\" data-rl_title=\"\" class=\"rl-gallery-link\" data-rl_caption=\"\" data-rel=\"lightbox-gallery-1\"><img loading=\"lazy\" decoding=\"async\" width=\"250\" height=\"250\" src=\"https:\/\/www.feuerwehr-florian.com\/wp-content\/uploads\/2016\/01\/IMG_0006-2-250x250.jpg\" class=\"attachment-thumbnail size-thumbnail\" alt=\"\" \/><\/a>\n\t\t\t<\/dt><\/dl><dl class='gallery-item'>\n\t\t\t<dt class='gallery-icon landscape'>\n\t\t\t\t<a href='https:\/\/www.feuerwehr-florian.com\/wp-content\/uploads\/2016\/01\/feuerwehrhaus_alt4.jpg' title=\"\" data-rl_title=\"\" class=\"rl-gallery-link\" data-rl_caption=\"\" data-rel=\"lightbox-gallery-1\"><img loading=\"lazy\" decoding=\"async\" width=\"250\" height=\"250\" src=\"https:\/\/www.feuerwehr-florian.com\/wp-content\/uploads\/2016\/01\/feuerwehrhaus_alt4-250x250.jpg\" class=\"attachment-thumbnail size-thumbnail\" alt=\"\" \/><\/a>\n\t\t\t<\/dt><\/dl><br style=\"clear: both\" \/><dl class='gallery-item'>\n\t\t\t<dt class='gallery-icon landscape'>\n\t\t\t\t<a href='https:\/\/www.feuerwehr-florian.com\/wp-content\/uploads\/2016\/01\/IMG_0001.jpg' title=\"\" data-rl_title=\"\" class=\"rl-gallery-link\" data-rl_caption=\"\" data-rel=\"lightbox-gallery-1\"><img loading=\"lazy\" decoding=\"async\" width=\"250\" height=\"250\" src=\"https:\/\/www.feuerwehr-florian.com\/wp-content\/uploads\/2016\/01\/IMG_0001-250x250.jpg\" class=\"attachment-thumbnail size-thumbnail\" alt=\"\" \/><\/a>\n\t\t\t<\/dt><\/dl><dl class='gallery-item'>\n\t\t\t<dt class='gallery-icon landscape'>\n\t\t\t\t<a href='https:\/\/www.feuerwehr-florian.com\/wp-content\/uploads\/2016\/01\/feuerwehrhaus_alt5.jpg' title=\"\" data-rl_title=\"\" class=\"rl-gallery-link\" data-rl_caption=\"\" data-rel=\"lightbox-gallery-1\"><img loading=\"lazy\" decoding=\"async\" width=\"250\" height=\"250\" src=\"https:\/\/www.feuerwehr-florian.com\/wp-content\/uploads\/2016\/01\/feuerwehrhaus_alt5-250x250.jpg\" class=\"attachment-thumbnail size-thumbnail\" alt=\"\" \/><\/a>\n\t\t\t<\/dt><\/dl><dl class='gallery-item'>\n\t\t\t<dt class='gallery-icon landscape'>\n\t\t\t\t<a href='https:\/\/www.feuerwehr-florian.com\/wp-content\/uploads\/2016\/01\/feuerwehrhaus_alt6.jpg' title=\"\" data-rl_title=\"\" class=\"rl-gallery-link\" data-rl_caption=\"\" data-rel=\"lightbox-gallery-1\"><img loading=\"lazy\" decoding=\"async\" width=\"250\" height=\"250\" src=\"https:\/\/www.feuerwehr-florian.com\/wp-content\/uploads\/2016\/01\/feuerwehrhaus_alt6-250x250.jpg\" class=\"attachment-thumbnail size-thumbnail\" alt=\"\" \/><\/a>\n\t\t\t<\/dt><\/dl><br style=\"clear: both\" \/><dl class='gallery-item'>\n\t\t\t<dt class='gallery-icon landscape'>\n\t\t\t\t<a href='https:\/\/www.feuerwehr-florian.com\/wp-content\/uploads\/2016\/01\/feuerwehrhaus_alt2.jpg' title=\"\" data-rl_title=\"\" class=\"rl-gallery-link\" data-rl_caption=\"\" data-rel=\"lightbox-gallery-1\"><img loading=\"lazy\" decoding=\"async\" width=\"250\" height=\"250\" src=\"https:\/\/www.feuerwehr-florian.com\/wp-content\/uploads\/2016\/01\/feuerwehrhaus_alt2-250x250.jpg\" class=\"attachment-thumbnail size-thumbnail\" alt=\"\" \/><\/a>\n\t\t\t<\/dt><\/dl>\n\t\t\t<br style='clear: both' \/>\n\t\t<\/div>\n\n\n<!-- Page-list plugin v.5.9 wordpress.org\/plugins\/page-list\/ -->\n<ul class=\"page-list siblings-page-list pagelist\">\n<li class=\"page_item page-item-3271\"><a href=\"https:\/\/www.feuerwehr-florian.com\/?page_id=3271\">Die R\u00e4ume der Einsatzzentrale<\/a><\/li>\n<li class=\"page_item page-item-3355\"><a href=\"https:\/\/www.feuerwehr-florian.com\/?page_id=3355\">Gleichenfeier der Einsatzzentrale<\/a><\/li>\n<li class=\"page_item page-item-3350\"><a href=\"https:\/\/www.feuerwehr-florian.com\/?page_id=3350\">Er\u00f6ffnung der Einsatzzentrale<\/a><\/li>\n<li class=\"page_item page-item-3270\"><a href=\"https:\/\/www.feuerwehr-florian.com\/?page_id=3270\">Das Feuerwehrhaus bis 2005<\/a><\/li>\n\n<\/ul>\n<p style=\"text-align: right;\">\n","protected":false},"excerpt":{"rendered":"<p>Bis 2005 durfte sich die Marktfeuerwehr St. Florian r\u00fchmen als eine der wenigen Feuerwehren in \u00d6sterreich seit der Gr\u00fcndung der Feuerwehr im Jahre 1872 noch immer im selben Hause untergebracht zu sein. Dieses Zeughaus entsprach schon lange nicht mehr dem Standard der heutigen Feuerwehrtechnik. Im Jahre 1992 wurde ein neuer Tankwagen angeschafft, dadurch wurde auch<\/p>\n<p><a class=\"more-link\" href=\"https:\/\/www.feuerwehr-florian.com\/?page_id=3270\">Weiterlesen<\/a><\/p>\n","protected":false},"author":1,"featured_media":0,"parent":3257,"menu_order":3,"comment_status":"closed","ping_status":"closed","template":"fullwidth.php","meta":{"footnotes":""},"class_list":["post-3270","page","type-page","status-publish","hentry"],"jetpack_sharing_enabled":true,"jetpack_likes_enabled":true,"_links":{"self":[{"href":"https:\/\/www.feuerwehr-florian.com\/index.php?rest_route=\/wp\/v2\/pages\/3270","targetHints":{"allow":["GET"]}}],"collection":[{"href":"https:\/\/www.feuerwehr-florian.com\/index.php?rest_route=\/wp\/v2\/pages"}],"about":[{"href":"https:\/\/www.feuerwehr-florian.com\/index.php?rest_route=\/wp\/v2\/types\/page"}],"author":[{"embeddable":true,"href":"https:\/\/www.feuerwehr-florian.com\/index.php?rest_route=\/wp\/v2\/users\/1"}],"replies":[{"embeddable":true,"href":"https:\/\/www.feuerwehr-florian.com\/index.php?rest_route=%2Fwp%2Fv2%2Fcomments&post=3270"}],"version-history":[{"count":12,"href":"https:\/\/www.feuerwehr-florian.com\/index.php?rest_route=\/wp\/v2\/pages\/3270\/revisions"}],"predecessor-version":[{"id":7453,"href":"https:\/\/www.feuerwehr-florian.com\/index.php?rest_route=\/wp\/v2\/pages\/3270\/revisions\/7453"}],"up":[{"embeddable":true,"href":"https:\/\/www.feuerwehr-florian.com\/index.php?rest_route=\/wp\/v2\/pages\/3257"}],"wp:attachment":[{"href":"https:\/\/www.feuerwehr-florian.com\/index.php?rest_route=%2Fwp%2Fv2%2Fmedia&parent=3270"}],"curies":[{"name":"wp","href":"https:\/\/api.w.org\/{rel}","templated":true}]}}