{"id":4038,"date":"2016-01-09T09:44:21","date_gmt":"2016-01-09T08:44:21","guid":{"rendered":"http:\/\/wp.feuerwehr-florian.com\/?page_id=4038"},"modified":"2018-10-19T12:12:46","modified_gmt":"2018-10-19T10:12:46","slug":"unser-feuerwehrwappen","status":"publish","type":"page","link":"https:\/\/www.feuerwehr-florian.com\/?page_id=4038","title":{"rendered":"Unser Feuerwehrwappen"},"content":{"rendered":"<p>Ein neues Wappen soll die Verbindung unserer Kameraden mit der Feuerwehr und Gemeinde St. Florian nach au\u00dfen symbolisieren.<\/p>\n<p><!--more--><\/p>\n<p>Trotz st\u00e4ndig steigender Anforderungen an uns<a href=\"https:\/\/www.feuerwehr-florian.com\/wp-content\/uploads\/2015\/12\/Logo-Wappen-f\u00fcr-HP-160px.png\" rel=\"attachment wp-att-238\" data-rel=\"lightbox-gallery-ASCsz3eD\" data-rl_title=\"\" data-rl_caption=\"\" title=\"\"><img loading=\"lazy\" decoding=\"async\" class=\"alignleft size-full wp-image-238\" src=\"https:\/\/www.feuerwehr-florian.com\/wp-content\/uploads\/2015\/12\/Logo-Wappen-f\u00fcr-HP-160px.png\" alt=\"Logo Wappen f\u00fcr HP 160px\" width=\"160\" height=\"208\" \/><\/a>ere Mitglieder, ist es uns noch immer sehr wichtig bestehende Tradition zu erhalten, aber auch neue Wege zu gehen, welche die Verbundenheit und Einheit unserer Kameraden zeigen soll.<\/p>\n<p>Weshalb im Zuge mit der Beschaffung einer neuen Dienstbekleidung die Idee eines eigenen Feuerwehrwappens geboren wurde. Dieses Wappen sollte einerseits das Feuerwehrwesen mit seinen Einsatzaufgaben, aber auch den besonderen Bezug zur Feuerwehr und Gemeinde St. Florian zeigen.<\/p>\n<p>S\u00e4mtliche Entw\u00fcrfe wurden von Kamerad OFM Joachim Mei\u00dfl erstellt, welcher mit viel M\u00fche und Detailliebe in stundenlanger Arbeit die unterschiedlichsten Entw\u00fcrfe der Mannschaft pr\u00e4sentierte.<\/p>\n<p>Schlussendlich fiel die Entscheidung auf eine konventionelle Wappenform, die das Feuerwehrkorpsabzeichen gemeinsam mit dem Gemeindewappen in der Mitte zeigt. Flankiert werden diese einerseits von einem Strahlrohr und andererseits von hydraulischen Rettungsger\u00e4ten, die den Gro\u00dfteil unseres T\u00e4tigkeitsfeldes darstellen. Die im Hintergrund gekreuzten Feuerwehr\u00e4xte sollen die Geschlossenheit und den Mittelweg in der Mannschaft darstellen. Der kleine Helm unter den Wappen soll die Sicherheit und den bedachtsamen Einsatz symbolisieren, den jede\/r Feuerwehrmann\/-frau nie vergessen darf. Diese Symbole werden noch mit dem Feuerwehrnamen in ein Ensemble gebracht und fertig ist unser neues Wappen.<\/p>\n<p>&nbsp;<\/p>\n\n<!-- Page-list plugin v.5.9 wordpress.org\/plugins\/page-list\/ -->\n<ul class=\"page-list siblings-page-list pagelist\">\n<li class=\"page_item page-item-2095\"><a href=\"https:\/\/www.feuerwehr-florian.com\/?page_id=2095\">Unser Auftrag<\/a><\/li>\n<li class=\"page_item page-item-11382\"><a href=\"https:\/\/www.feuerwehr-florian.com\/?page_id=11382\">Das Kommando<\/a><\/li>\n<li class=\"page_item page-item-2329\"><a href=\"https:\/\/www.feuerwehr-florian.com\/?page_id=2329\">Die Mannschaft<\/a><\/li>\n<li class=\"page_item page-item-4038\"><a href=\"https:\/\/www.feuerwehr-florian.com\/?page_id=4038\">Unser Feuerwehrwappen<\/a><\/li>\n<li class=\"page_item page-item-4043\"><a href=\"https:\/\/www.feuerwehr-florian.com\/?page_id=4043\">Unsere Videos<\/a><\/li>\n\n<\/ul>\n","protected":false},"excerpt":{"rendered":"<p>Ein neues Wappen soll die Verbindung unserer Kameraden mit der Feuerwehr und Gemeinde St. Florian nach au\u00dfen symbolisieren.<\/p>\n","protected":false},"author":2,"featured_media":238,"parent":2328,"menu_order":3,"comment_status":"closed","ping_status":"closed","template":"fullwidth.php","meta":{"footnotes":""},"class_list":["post-4038","page","type-page","status-publish","has-post-thumbnail","hentry"],"jetpack_sharing_enabled":true,"jetpack_likes_enabled":true,"_links":{"self":[{"href":"https:\/\/www.feuerwehr-florian.com\/index.php?rest_route=\/wp\/v2\/pages\/4038","targetHints":{"allow":["GET"]}}],"collection":[{"href":"https:\/\/www.feuerwehr-florian.com\/index.php?rest_route=\/wp\/v2\/pages"}],"about":[{"href":"https:\/\/www.feuerwehr-florian.com\/index.php?rest_route=\/wp\/v2\/types\/page"}],"author":[{"embeddable":true,"href":"https:\/\/www.feuerwehr-florian.com\/index.php?rest_route=\/wp\/v2\/users\/2"}],"replies":[{"embeddable":true,"href":"https:\/\/www.feuerwehr-florian.com\/index.php?rest_route=%2Fwp%2Fv2%2Fcomments&post=4038"}],"version-history":[{"count":4,"href":"https:\/\/www.feuerwehr-florian.com\/index.php?rest_route=\/wp\/v2\/pages\/4038\/revisions"}],"predecessor-version":[{"id":7474,"href":"https:\/\/www.feuerwehr-florian.com\/index.php?rest_route=\/wp\/v2\/pages\/4038\/revisions\/7474"}],"up":[{"embeddable":true,"href":"https:\/\/www.feuerwehr-florian.com\/index.php?rest_route=\/wp\/v2\/pages\/2328"}],"wp:featuredmedia":[{"embeddable":true,"href":"https:\/\/www.feuerwehr-florian.com\/index.php?rest_route=\/wp\/v2\/media\/238"}],"wp:attachment":[{"href":"https:\/\/www.feuerwehr-florian.com\/index.php?rest_route=%2Fwp%2Fv2%2Fmedia&parent=4038"}],"curies":[{"name":"wp","href":"https:\/\/api.w.org\/{rel}","templated":true}]}}