{"id":6301,"date":"2017-05-04T16:15:37","date_gmt":"2017-05-04T14:15:37","guid":{"rendered":"http:\/\/www.feuerwehr-florian.com\/?page_id=6301"},"modified":"2026-01-03T11:47:07","modified_gmt":"2026-01-03T10:47:07","slug":"einsaetze-2017","status":"publish","type":"page","link":"https:\/\/www.feuerwehr-florian.com\/?page_id=6301","title":{"rendered":"Eins\u00e4tze 2017"},"content":{"rendered":"<p>Eine Auflistung aller\u00a0Eins\u00e4tze aus dem Jahr 2017.<\/p>\n<!--W4PL_List_6299-->\n<div id=\"w4pl-list-6299\" class=\"w4pl\">\n\t<div id=\"w4pl-inner-6299\" class=\"w4pl-inner\">\n\t\t<ul>\r\n<li><a href=\"https:\/\/www.feuerwehr-florian.com\/?p=6728\">29.12.2017<\/a> | <a href=\"https:\/\/www.feuerwehr-florian.com\/?p=6728\">Brandmeldealarm im Astenfeld<\/a><\/li>\r\n\r\n<li><a href=\"https:\/\/www.feuerwehr-florian.com\/?p=6713\">25.12.2017<\/a> | <a href=\"https:\/\/www.feuerwehr-florian.com\/?p=6713\">Brandmeldealarm im Bezirksaltenheim<\/a><\/li>\r\n\r\n<li><a href=\"https:\/\/www.feuerwehr-florian.com\/?p=6701\">14.12.2017<\/a> | <a href=\"https:\/\/www.feuerwehr-florian.com\/?p=6701\">Verkehrsunfall auf der Hohenbrunnerstra\u00dfe<\/a><\/li>\r\n\r\n<li><a href=\"https:\/\/www.feuerwehr-florian.com\/?p=6707\">14.12.2017<\/a> | <a href=\"https:\/\/www.feuerwehr-florian.com\/?p=6707\">Brandverdacht in der Linzerstra\u00dfe<\/a><\/li>\r\n\r\n<li><a href=\"https:\/\/www.feuerwehr-florian.com\/?p=6689\">04.12.2017<\/a> | <a href=\"https:\/\/www.feuerwehr-florian.com\/?p=6689\">Brandeinsatz in der Thannstra\u00dfe<\/a><\/li>\r\n\r\n<li><a href=\"https:\/\/www.feuerwehr-florian.com\/?p=6686\">30.11.2017<\/a> | <a href=\"https:\/\/www.feuerwehr-florian.com\/?p=6686\">Brandmeldealarm im Astenfeld<\/a><\/li>\r\n\r\n<li><a href=\"https:\/\/www.feuerwehr-florian.com\/?p=6655\">22.11.2017<\/a> | <a href=\"https:\/\/www.feuerwehr-florian.com\/?p=6655\">T\u00e4uschungsalarm im Astenfeld<\/a><\/li>\r\n\r\n<li><a href=\"https:\/\/www.feuerwehr-florian.com\/?p=6649\">21.11.2017<\/a> | <a href=\"https:\/\/www.feuerwehr-florian.com\/?p=6649\">Verkehrsunfall Thann Stra\u00dfe Richtung Hofkirchen<\/a><\/li>\r\n\r\n<li><a href=\"https:\/\/www.feuerwehr-florian.com\/?p=6646\">17.11.2017<\/a> | <a href=\"https:\/\/www.feuerwehr-florian.com\/?p=6646\">Brandmeldealarm in der Einsatzzentrale w\u00e4hrend JF-Erprobung<\/a><\/li>\r\n\r\n<li><a href=\"https:\/\/www.feuerwehr-florian.com\/?p=6633\">15.11.2017<\/a> | <a href=\"https:\/\/www.feuerwehr-florian.com\/?p=6633\">Brand eines Flachdaches in Taunleiten<\/a><\/li>\r\n\r\n<li><a href=\"https:\/\/www.feuerwehr-florian.com\/?p=6618\">30.10.2017<\/a> | <a href=\"https:\/\/www.feuerwehr-florian.com\/?p=6618\">Technischer Einsatz bei Tischlereibetrieb<\/a><\/li>\r\n\r\n<li><a href=\"https:\/\/www.feuerwehr-florian.com\/?p=6602\">29.10.2017<\/a> | <a href=\"https:\/\/www.feuerwehr-florian.com\/?p=6602\">Sturmtief Grischa zieht \u00fcber St. Florian &#8211; 25 Eins\u00e4tze f\u00fcr die Marktfeuerwehr<\/a><\/li>\r\n\r\n<li><a href=\"https:\/\/www.feuerwehr-florian.com\/?p=6560\">23.09.2017<\/a> | <a href=\"https:\/\/www.feuerwehr-florian.com\/?p=6560\">Verkehrsunfall A1 &#8211; Anh\u00e4nger umgekippt<\/a><\/li>\r\n\r\n<li><a href=\"https:\/\/www.feuerwehr-florian.com\/?p=6552\">22.09.2017<\/a> | <a href=\"https:\/\/www.feuerwehr-florian.com\/?p=6552\">Verkehrsunfall auf der A1 &#8211; Kleintransporter liegt auf der Seite<\/a><\/li>\r\n\r\n<li><a href=\"https:\/\/www.feuerwehr-florian.com\/?p=6544\">08.09.2017<\/a> | <a href=\"https:\/\/www.feuerwehr-florian.com\/?p=6544\">Fahrzeug\u00fcberschlag auf der A1 Fahrtrichtung Wien<\/a><\/li>\r\n\r\n<li><a href=\"https:\/\/www.feuerwehr-florian.com\/?p=6521\">30.08.2017<\/a> | <a href=\"https:\/\/www.feuerwehr-florian.com\/?p=6521\">Brandmeldealarm im Astenfeld<\/a><\/li>\r\n\r\n<li><a href=\"https:\/\/www.feuerwehr-florian.com\/?p=6510\">12.08.2017<\/a> | <a href=\"https:\/\/www.feuerwehr-florian.com\/?p=6510\">Aufr\u00e4umarbeiten nach Verkehrsunfall auf der B1<\/a><\/li>\r\n\r\n<li><a href=\"https:\/\/www.feuerwehr-florian.com\/?p=6490\">11.08.2017<\/a> | <a href=\"https:\/\/www.feuerwehr-florian.com\/?p=6490\">Vermurung in Niederfrauenleiten<\/a><\/li>\r\n\r\n<li><a href=\"https:\/\/www.feuerwehr-florian.com\/?p=6457\">18.07.2017<\/a> | <a href=\"https:\/\/www.feuerwehr-florian.com\/?p=6457\">Einfangen entlaufener Pferde im Forstholz<\/a><\/li>\r\n\r\n<li><a href=\"https:\/\/www.feuerwehr-florian.com\/?p=6426\">06.07.2017<\/a> | <a href=\"https:\/\/www.feuerwehr-florian.com\/?p=6426\">Strohpresse geht in Flammen auf<\/a><\/li>\r\n\r\n<li><a href=\"https:\/\/www.feuerwehr-florian.com\/?p=6412\">04.07.2017<\/a> | <a href=\"https:\/\/www.feuerwehr-florian.com\/?p=6412\">Unfall mit H\u00fchnertransporter auf der A1 &#8211; Tausende H\u00fchner auf der Autobahn<\/a><\/li>\r\n\r\n<li><a href=\"https:\/\/www.feuerwehr-florian.com\/?p=6401\">21.06.2017<\/a> | <a href=\"https:\/\/www.feuerwehr-florian.com\/?p=6401\">LKW Unfall A1<\/a><\/li>\r\n\r\n<li><a href=\"https:\/\/www.feuerwehr-florian.com\/?p=6394\">17.06.2017<\/a> | <a href=\"https:\/\/www.feuerwehr-florian.com\/?p=6394\">T\u00fcr\u00f6ffnung mit Unfallverdacht<\/a><\/li>\r\n\r\n<li><a href=\"https:\/\/www.feuerwehr-florian.com\/?p=6381\">14.06.2017<\/a> | <a href=\"https:\/\/www.feuerwehr-florian.com\/?p=6381\">\u00d6lspur in Hohenbrunn<\/a><\/li>\r\n\r\n<li><a href=\"https:\/\/www.feuerwehr-florian.com\/?p=6379\">14.06.2017<\/a> | <a href=\"https:\/\/www.feuerwehr-florian.com\/?p=6379\">Brandmeldealarm im Astenfeld<\/a><\/li>\r\n\r\n<li><a href=\"https:\/\/www.feuerwehr-florian.com\/?p=6359\">02.06.2017<\/a> | <a href=\"https:\/\/www.feuerwehr-florian.com\/?p=6359\">Brandverdacht im Pummerinfeld<\/a><\/li>\r\n\r\n<li><a href=\"https:\/\/www.feuerwehr-florian.com\/?p=6337\">19.05.2017<\/a> | <a href=\"https:\/\/www.feuerwehr-florian.com\/?p=6337\">Sturmsch\u00e4den im Gemeindegebiet<\/a><\/li>\r\n\r\n<li><a href=\"https:\/\/www.feuerwehr-florian.com\/?p=6318\">15.05.2017<\/a> | <a href=\"https:\/\/www.feuerwehr-florian.com\/?p=6318\">Lift\u00f6ffnung in der Linzerstra\u00dfe<\/a><\/li>\r\n\r\n<li><a href=\"https:\/\/www.feuerwehr-florian.com\/?p=6315\">12.05.2017<\/a> | <a href=\"https:\/\/www.feuerwehr-florian.com\/?p=6315\">Brandmeldealarm im Astenfeld &#8211; T\u00e4uschungsalarm<\/a><\/li>\r\n\r\n<li><a href=\"https:\/\/www.feuerwehr-florian.com\/?p=6258\">30.04.2017<\/a> | <a href=\"https:\/\/www.feuerwehr-florian.com\/?p=6258\">Freimachen von Verkehrswegen &#8211; Thannstra\u00dfe Richtung Hofkirchen<\/a><\/li>\r\n\r\n<li><a href=\"https:\/\/www.feuerwehr-florian.com\/?p=6250\">29.04.2017<\/a> | <a href=\"https:\/\/www.feuerwehr-florian.com\/?p=6250\">Verkehrsunfall Wolferner Landesstra\u00dfe &#8211; zwei Verletzte<\/a><\/li>\r\n\r\n<li><a href=\"https:\/\/www.feuerwehr-florian.com\/?p=6243\">28.04.2017<\/a> | <a href=\"https:\/\/www.feuerwehr-florian.com\/?p=6243\">\u00d6lspur zwischen Ansfelden und St. Florian<\/a><\/li>\r\n\r\n<li><a href=\"https:\/\/www.feuerwehr-florian.com\/?p=6237\">27.04.2017<\/a> | <a href=\"https:\/\/www.feuerwehr-florian.com\/?p=6237\">Verkehrsunfall auf der Wolfener Landesstra\u00dfe<\/a><\/li>\r\n\r\n<li><a href=\"https:\/\/www.feuerwehr-florian.com\/?p=6211\">08.04.2017<\/a> | <a href=\"https:\/\/www.feuerwehr-florian.com\/?p=6211\">Vermuteter Schadstoffeinsatz am Ipfbach<\/a><\/li>\r\n\r\n<li><a href=\"https:\/\/www.feuerwehr-florian.com\/?p=6102\">25.02.2017<\/a> | <a href=\"https:\/\/www.feuerwehr-florian.com\/?p=6102\">Brandmeldealarm im Astenfeld<\/a><\/li>\r\n\r\n<li><a href=\"https:\/\/www.feuerwehr-florian.com\/?p=6088\">10.02.2017<\/a> | <a href=\"https:\/\/www.feuerwehr-florian.com\/?p=6088\">Brandmeldealarm im Astenfeld<\/a><\/li>\r\n\r\n<li><a href=\"https:\/\/www.feuerwehr-florian.com\/?p=6086\">07.02.2017<\/a> | <a href=\"https:\/\/www.feuerwehr-florian.com\/?p=6086\">T\u00fcr\u00f6ffnung mit Unfallverdacht<\/a><\/li>\r\n\r\n<li><a href=\"https:\/\/www.feuerwehr-florian.com\/?p=6070\">02.02.2017<\/a> | <a href=\"https:\/\/www.feuerwehr-florian.com\/?p=6070\">Lift\u00f6ffnung im Technologiezentrum (TIZ)<\/a><\/li>\r\n\r\n<li><a href=\"https:\/\/www.feuerwehr-florian.com\/?p=6066\">26.01.2017<\/a> | <a href=\"https:\/\/www.feuerwehr-florian.com\/?p=6066\">Gasaustritt bei einem KFZ<\/a><\/li>\r\n\r\n<li><a href=\"https:\/\/www.feuerwehr-florian.com\/?p=6063\">26.01.2017<\/a> | <a href=\"https:\/\/www.feuerwehr-florian.com\/?p=6063\">LKW-Brand auf der A1<\/a><\/li>\r\n\r\n<li><a href=\"https:\/\/www.feuerwehr-florian.com\/?p=6051\">21.01.2017<\/a> | <a href=\"https:\/\/www.feuerwehr-florian.com\/?p=6051\">Brandmeldealarm im Astenfeld &#8211; Angebrannte Speisen<\/a><\/li>\r\n\r\n<li><a href=\"https:\/\/www.feuerwehr-florian.com\/?p=6039\">08.01.2017<\/a> | <a href=\"https:\/\/www.feuerwehr-florian.com\/?p=6039\">Fahrzeugbergung am Marktplatz<\/a><\/li>\r\n\r\n<li><a href=\"https:\/\/www.feuerwehr-florian.com\/?p=6028\">03.01.2017<\/a> | <a href=\"https:\/\/www.feuerwehr-florian.com\/?p=6028\">Fahrzeugbergung im Forstholz<\/a><\/li>\r\n<\/ul>\n\t<\/div><!--#w4pl-inner-6299-->\n<\/div><!--#w4pl-6299-->\n<!--END_W4PL_List_6299-->\n\n\n<!-- Page-list plugin v.5.9 wordpress.org\/plugins\/page-list\/ -->\n<ul class=\"page-list siblings-page-list pagelist\">\n<li class=\"page_item page-item-11710\"><a href=\"https:\/\/www.feuerwehr-florian.com\/?page_id=11710\">Eingabe Hochwassermessung<\/a><\/li>\n<li class=\"page_item page-item-12060 page_item_has_children\"><a href=\"https:\/\/www.feuerwehr-florian.com\/?page_id=12060\">Veranstaltungen<\/a><\/li>\n<li class=\"page_item page-item-884 page_item_has_children\"><a href=\"https:\/\/www.feuerwehr-florian.com\/?page_id=884\">Aktivit\u00e4ten<\/a><\/li>\n<li class=\"page_item page-item-973\"><a href=\"https:\/\/www.feuerwehr-florian.com\/?page_id=973\">Kontakt &#038; Anfahrt<\/a><\/li>\n<li class=\"page_item page-item-886 page_item_has_children\"><a href=\"https:\/\/www.feuerwehr-florian.com\/?page_id=886\">Feuerwehr<\/a><\/li>\n<li class=\"page_item page-item-958\"><a href=\"https:\/\/www.feuerwehr-florian.com\/?page_id=958\">Impressum, Offenlegung &#038; Datenschutz<\/a><\/li>\n<li class=\"page_item page-item-888 page_item_has_children\"><a href=\"https:\/\/www.feuerwehr-florian.com\/?page_id=888\">Jugend<\/a><\/li>\n<li class=\"page_item page-item-971\"><a href=\"https:\/\/www.feuerwehr-florian.com\/?page_id=971\">Nutzungsbedingungen<\/a><\/li>\n<li class=\"page_item page-item-1019 page_item_has_children\"><a href=\"https:\/\/www.feuerwehr-florian.com\/?page_id=1019\">Wissenswertes<\/a><\/li>\n<li class=\"page_item page-item-9630\"><a href=\"https:\/\/www.feuerwehr-florian.com\/?page_id=9630\">Sponsoren<\/a><\/li>\n<li class=\"page_item page-item-3804\"><a href=\"https:\/\/www.feuerwehr-florian.com\/?page_id=3804\">Web<\/a><\/li>\n\n<\/ul>\n","protected":false},"excerpt":{"rendered":"<p>Die FF St. Florian Markt wurde in der Nacht des 02.01.2017 um 23:18 Uhr zu einer Fahrzeugbergung in das Forstholz alarmiert.<\/p>\n","protected":false},"author":1,"featured_media":6014,"parent":12816,"menu_order":99,"comment_status":"closed","ping_status":"closed","template":"fullwidth.php","meta":{"footnotes":""},"class_list":["post-6301","page","type-page","status-publish","has-post-thumbnail","hentry"],"jetpack_sharing_enabled":true,"jetpack_likes_enabled":true,"_links":{"self":[{"href":"https:\/\/www.feuerwehr-florian.com\/index.php?rest_route=\/wp\/v2\/pages\/6301","targetHints":{"allow":["GET"]}}],"collection":[{"href":"https:\/\/www.feuerwehr-florian.com\/index.php?rest_route=\/wp\/v2\/pages"}],"about":[{"href":"https:\/\/www.feuerwehr-florian.com\/index.php?rest_route=\/wp\/v2\/types\/page"}],"author":[{"embeddable":true,"href":"https:\/\/www.feuerwehr-florian.com\/index.php?rest_route=\/wp\/v2\/users\/1"}],"replies":[{"embeddable":true,"href":"https:\/\/www.feuerwehr-florian.com\/index.php?rest_route=%2Fwp%2Fv2%2Fcomments&post=6301"}],"version-history":[{"count":2,"href":"https:\/\/www.feuerwehr-florian.com\/index.php?rest_route=\/wp\/v2\/pages\/6301\/revisions"}],"predecessor-version":[{"id":6303,"href":"https:\/\/www.feuerwehr-florian.com\/index.php?rest_route=\/wp\/v2\/pages\/6301\/revisions\/6303"}],"up":[{"embeddable":true,"href":"https:\/\/www.feuerwehr-florian.com\/index.php?rest_route=\/wp\/v2\/pages\/12816"}],"wp:featuredmedia":[{"embeddable":true,"href":"https:\/\/www.feuerwehr-florian.com\/index.php?rest_route=\/wp\/v2\/media\/6014"}],"wp:attachment":[{"href":"https:\/\/www.feuerwehr-florian.com\/index.php?rest_route=%2Fwp%2Fv2%2Fmedia&parent=6301"}],"curies":[{"name":"wp","href":"https:\/\/api.w.org\/{rel}","templated":true}]}}